{"id":9311,"date":"2024-06-03T08:37:29","date_gmt":"2024-06-03T06:37:29","guid":{"rendered":"https:\/\/cvo.hamburg.de\/?page_id=9311"},"modified":"2024-06-03T08:49:12","modified_gmt":"2024-06-03T06:49:12","slug":"schulhofgarten-und-permakultur","status":"publish","type":"page","link":"https:\/\/cvo.hamburg.de\/?page_id=9311","title":{"rendered":"Schulhofgarten und Permakultur"},"content":{"rendered":"<h4>Unser \u201eSchulhofgarten\u201c \u2013 Essbare Schule und Permakultur<\/h4>\n<p><strong><img loading=\"lazy\" decoding=\"async\" class=\"alignright size-medium wp-image-9312\" src=\"https:\/\/cvo.hamburg.de\/wp-content\/uploads\/sites\/31\/2024\/06\/Bildschirmfoto-2024-06-03-um-08.22.39-300x199.png\" alt=\"\" width=\"300\" height=\"199\" srcset=\"https:\/\/cvo.hamburg.de\/wp-content\/uploads\/sites\/31\/2024\/06\/Bildschirmfoto-2024-06-03-um-08.22.39-300x199.png 300w, https:\/\/cvo.hamburg.de\/wp-content\/uploads\/sites\/31\/2024\/06\/Bildschirmfoto-2024-06-03-um-08.22.39.png 748w\" sizes=\"auto, (max-width: 300px) 100vw, 300px\" \/> Wer macht was?<br \/>\n<\/strong>Zwei WP-Kurse G\u00e4rtnern (Klassen 8-10) am CvO planen, gestalten und pflegen das ganze Schulgel\u00e4nde, naturnah hier und obst- und gem\u00fcseg\u00e4rtnerisch dort, unter Anleitung von zwei Lehrerinnen, Frau Buzuk, und seit zwei Jahren Frau Jechoux.<\/p>\n<p><strong>Die ganzen Schulhofbepflanzungen naturnah und lecker<br \/>\n<\/strong>Unter dem Titel <strong>\u201eEssbare Schule \u2013 Urban Gardening <\/strong>haben wir in Sch\u00fcler:innenprojekten in den ersten Jahren seit 2016 verschiedene Areale des Schulgel\u00e4ndes in Obst- und Gem\u00fcsebau umgewandelt und mit Elementen wie Hochbeeten, H\u00fcgelbeet, Komposthaufen Beispiele f\u00fcr G\u00e4rtnern im urbanen Raum angelegt. Nun verwandeln sich andere Standorte in reine Bl\u00fch- und Niststandorte. Aber schon jetzt bieten auch die Obstgeh\u00f6lze und die darunter wachsenden Wildkr\u00e4uter vielf\u00e4ltige Lebensr\u00e4ume und Nahrungsangebote f\u00fcr diverse Insektenarten. Vieles unter permakulturellen Gesichtspunkten angelegt, dient als Lehrinhalt&nbsp; zum Thema permakulturelles G\u00e4rtnern vs. Monokultur, was sich auf die Landwirtschaft in Europa und im globalen S\u00fcden der Erde \u00fcbertragen l\u00e4sst.<\/p>\n<p><strong>Wildblumenwiese und Staudenbeet<br \/>\n<\/strong>Die neuangelegte kleine Wildblumenwiese soll ein Beispiel geben f\u00fcr einen pflegeleichten und diversen Standort. Im n\u00e4chsten Jahr sollen auch die von Carex bestimmten Beete vor der Schule entsprechend umgestaltet werden. Das von Kolleg:innen gew\u00fcnschte, neu angelegte Staudenbeet entspricht mit der Wahl nur einheimischer Pflanzen nat\u00fcrlich ebenfalls dem Anspruch, ausschlie\u00dflich insektenfreundlich und mit verschiedenen Bl\u00fchzeiten die ganze Saison Nahrung zu bieten. Inzwischen haben sich auf dem Schulgel\u00e4nde verschiedene Vogelarten angesiedelt, die erstaunlich resistent sind gegen die wuselnde Schulgemeinschaft. So kommen z.B. immer mehr Rotkehlchen w\u00e4hrend der Schulstunden aus ihren Schlupfwinkeln, wenn nur wenige Sch\u00fcler:innen den Schulhof bev\u00f6lkern.<\/p>\n<p><strong><img loading=\"lazy\" decoding=\"async\" class=\"alignleft wp-image-9313\" src=\"https:\/\/cvo.hamburg.de\/wp-content\/uploads\/sites\/31\/2024\/06\/Bildschirmfoto-2024-06-03-um-08.23.30-300x196.png\" alt=\"\" width=\"442\" height=\"289\" srcset=\"https:\/\/cvo.hamburg.de\/wp-content\/uploads\/sites\/31\/2024\/06\/Bildschirmfoto-2024-06-03-um-08.23.30-300x196.png 300w, https:\/\/cvo.hamburg.de\/wp-content\/uploads\/sites\/31\/2024\/06\/Bildschirmfoto-2024-06-03-um-08.23.30-768x501.png 768w, https:\/\/cvo.hamburg.de\/wp-content\/uploads\/sites\/31\/2024\/06\/Bildschirmfoto-2024-06-03-um-08.23.30.png 1020w\" sizes=\"auto, (max-width: 442px) 100vw, 442px\" \/>Ph\u00e4nologische Hecke \u2013 bald Insektenweide und Brutparadies<br \/>\n<\/strong>In diesem Jahr kamen nach der Sanierung eines gro\u00dfen Geb\u00e4udes neue Fl\u00e4chen dazu. Es wurden nicht, wie von der Beh\u00f6rde vorgesehen, 300 Hainbuchenheckenpflanzen gesetzt. Mit gro\u00dfer \u00dcberzeugungsarbeit und -kraft der schon sichtbaren Erfolge unserer Gartenarbeiten konnten wir erreichen, viele Pflanzen unserer Wahl zu bekommen. So haben wir entlang der Lernterrasse am Geographieraum eine ph\u00e4nologische Hecke, an der Sch\u00fcler:innen bald die 12 biologischen Jahreszeiten in der Pflanzenwelt nachvollziehen k\u00f6nnen. Die Hecke wird schon im n\u00e4chsten Jahr, durch ihre Diversit\u00e4t \u00fcber mehrere Monate und schon sehr fr\u00fch im Jahr bl\u00fchend, Insekten Nahrung bieten. Auf der Schlagschattenseite des F-Geb\u00e4udes konnte eine Hecke unter dem Fenster auf einem Streifen gepflanzt werden, der nur \u00fcber kurze Zeit am fr\u00fchen Tag \u00fcberhaupt Sonne bekommt.<\/p>\n<p><strong>Obst- und Gem\u00fcseg\u00e4rten<br \/>\n<\/strong>Der Waldgarten angelegt mit diversen Obstb\u00e4umen und \u2013 b\u00fcschen profitiert in regenarmen Sommern vom Schatten der umliegenden B\u00e4ume. Die Obstbaumwiese ist gr\u00fcn und bl\u00fcht trotz oder gerade wegen der Verschattung, viele Insekten finden dort Bl\u00fctenstaub, Nektar und Nistpl\u00e4tze. Quittenb\u00e4ume, Pflaumenbaum und Mirabelle tragen schon seit Jahren reichlich Fr\u00fcchte, die anderen Obst b\u00e4ume \u00fcberraschten endlich in diesem Jahr mit reicher Bl\u00fcte. Ein Teil der Neupflanzungen am sanierten F-Geb\u00e4ude sind Himbeeren verschiedener Wuchsformen und Bl\u00fch- sowie Tragzeiten und Spalierobst in einem sehr schmalen Beet entlang von Lernterrassen. Zwischen den Obstpflanzen wachsen Tomaten, Wicken, Erbsen, Bohnen am Zaun hoch, der die Terrassen der Kunstr\u00e4ume umgeben.<\/p>\n<p><strong>Blumenuhr wurde zu Beobachtungsfeld f\u00fcr Standortanpassung<br \/>\n<\/strong>Der Standort der Blumenuhr ist mit der wasserraubenden riesigen Kiefer daneben, der zwar kurzzeitigen, aber vollsonnigen Lage in der Mittagszeit und der Regenarmut seit 2018 zu einem Versuchsfeld f\u00fcr einen mageren Trockenstandort geworden. Hier halten wir nur etwas Ordnung, damit nicht alles z.B. von Disteln \u00fcberwuchert wird. Ein paar der urspr\u00fcnglich angepflanzten Exemplare gedeihen, neues siedelt sich von selbst an.<\/p>\n<p>&#8212;&#8212;&#8212;&#8212;&#8212;&#8212;&#8212;&#8212;&#8212;&#8211;<\/p>\n<p><strong><img loading=\"lazy\" decoding=\"async\" class=\"alignright size-medium wp-image-9314\" src=\"https:\/\/cvo.hamburg.de\/wp-content\/uploads\/sites\/31\/2024\/06\/Bildschirmfoto-2024-06-03-um-08.31.52-271x300.png\" alt=\"\" width=\"271\" height=\"300\" srcset=\"https:\/\/cvo.hamburg.de\/wp-content\/uploads\/sites\/31\/2024\/06\/Bildschirmfoto-2024-06-03-um-08.31.52-271x300.png 271w, https:\/\/cvo.hamburg.de\/wp-content\/uploads\/sites\/31\/2024\/06\/Bildschirmfoto-2024-06-03-um-08.31.52.png 564w\" sizes=\"auto, (max-width: 271px) 100vw, 271px\" \/>Einbettung in Unterricht<br \/>\n<\/strong>Die Gartenkurse planen Arbeiten und Neugestaltungen in den Wintermonaten. In der Gartensaison gilt es, bestehende Pflanzungen zu pflegen und weiterzuentwickeln.<\/p>\n<p><strong>Unterrichtsideen<br \/>\n<\/strong>Der <strong>Permakulturlehrpfad<\/strong> kann in allen Stufen zu Themen wie ganzheitliches Naturverst\u00e4ndnis, naturnahe Landwirtschaft, nachhaltig g\u00e4rtnern, g\u00e4rtnern im urbanen Raum genutzt werden. So stehen an vielen Stationen Schilder, die den dortigen Standort erkl\u00e4ren.<br \/>\nEine Gruppe aus dem G\u00e4rtnerkurs hat im Winter eine Unterrichtseinheit dazu entworfen. Auf dem Padlet finden sie rechts die Vorlagen f\u00fcr den Lehrpfad und links das Unterrichtsmaterial der Sch\u00fclerinnen.<br \/>\nIn 2024 haben erstmals Sch\u00fcler:innen aus dem Gartenkurs im Winter Workshops zur Permakultur f\u00fcr die Klassen 5. 6 entworfen und im Fr\u00fchjahr selbst unterrichtet.<strong>&nbsp;<\/strong><\/p>\n<p><strong>Unterstufe<\/strong><\/p>\n<ul>\n<li>Diversit\u00e4t und Artenvielfalt bei Pflanzen und Insekten<\/li>\n<li>Aufbau von Bl\u00fcten und Unterscheidung der Pflanzenfamilien<\/li>\n<li>Vergleichende Morphologie bei Pflanzen<\/li>\n<li>Vergleich Wild- und Kulturpflanze<\/li>\n<li>Insekten an ihren Futterpflanzen beobachten<\/li>\n<\/ul>\n<p style=\"font-weight: 400\"><strong>Mittelstufe und Oberstufe<\/strong><\/p>\n<ul>\n<li>\u00d6kologische Zusammenh\u00e4nge verschiedener Standorte (Licht, Wasser, Bodenbeschaffenheit)<\/li>\n<\/ul>\n<p>&nbsp;<\/p>\n<blockquote><p>Hier finden Sie unser Bewerbungs-Video zum Schulpreis bl\u00fchende Schulen, den wir mit 1.000 \u20ac im letzten Jahr gewonnen haben: <a href=\"https:\/\/www.youtube.com\/watch?v=iw2ins3akig\">https:\/\/www.youtube.com\/watch?v=iw2ins3akig<\/a> und hier den entsprechenden <a href=\"https:\/\/cvo.hamburg.de\/?p=8606\">Beitrag zum Schulpreis.<\/a><\/p>\n<p>&nbsp;<\/p><\/blockquote>\n<p><em>Text und Fotos: G. Buzuk<\/em><\/p>\n<p style=\"font-weight: 400\">&nbsp;<\/p>\n<p style=\"font-weight: 400\">&nbsp;<\/p>\n","protected":false},"excerpt":{"rendered":"<p>Unser \u201eSchulhofgarten\u201c \u2013 Essbare Schule und Permakultur Wer macht was? Zwei WP-Kurse G\u00e4rtnern (Klassen 8-10) am CvO planen, gestalten und pflegen das ganze Schulgel\u00e4nde, naturnah hier und obst- und gem\u00fcseg\u00e4rtnerisch dort, unter Anleitung von&#46;&#46;&#46;<\/p>\n","protected":false},"author":728,"featured_media":0,"parent":0,"menu_order":0,"comment_status":"closed","ping_status":"closed","template":"","meta":{"_acf_changed":false,"footnotes":""},"class_list":["post-9311","page","type-page","status-publish","hentry"],"acf":[],"_links":{"self":[{"href":"https:\/\/cvo.hamburg.de\/index.php?rest_route=\/wp\/v2\/pages\/9311","targetHints":{"allow":["GET"]}}],"collection":[{"href":"https:\/\/cvo.hamburg.de\/index.php?rest_route=\/wp\/v2\/pages"}],"about":[{"href":"https:\/\/cvo.hamburg.de\/index.php?rest_route=\/wp\/v2\/types\/page"}],"author":[{"embeddable":true,"href":"https:\/\/cvo.hamburg.de\/index.php?rest_route=\/wp\/v2\/users\/728"}],"replies":[{"embeddable":true,"href":"https:\/\/cvo.hamburg.de\/index.php?rest_route=%2Fwp%2Fv2%2Fcomments&post=9311"}],"version-history":[{"count":10,"href":"https:\/\/cvo.hamburg.de\/index.php?rest_route=\/wp\/v2\/pages\/9311\/revisions"}],"predecessor-version":[{"id":9325,"href":"https:\/\/cvo.hamburg.de\/index.php?rest_route=\/wp\/v2\/pages\/9311\/revisions\/9325"}],"wp:attachment":[{"href":"https:\/\/cvo.hamburg.de\/index.php?rest_route=%2Fwp%2Fv2%2Fmedia&parent=9311"}],"curies":[{"name":"wp","href":"https:\/\/api.w.org\/{rel}","templated":true}]}}