{"id":7740,"date":"2022-11-24T10:45:39","date_gmt":"2022-11-24T09:45:39","guid":{"rendered":"https:\/\/cvo.hamburg.de\/?page_id=7740"},"modified":"2025-02-04T15:13:21","modified_gmt":"2025-02-04T14:13:21","slug":"wahlpflichtbereich","status":"publish","type":"page","link":"https:\/\/cvo.hamburg.de\/?page_id=7740","title":{"rendered":"Wahlpflichtbereich"},"content":{"rendered":"<p style=\"font-weight: 400\">Die SuS der 8. bis 10. Klassen sollen in den <a href=\"https:\/\/cvo.hamburg.de\/?page_id=2645\">Wahlpflichtbereichen I-V<\/a> ihren Interessen nachgehen und u.a. Selbstst\u00e4ndigkeit bzw. Eigenverantwortung in ihrem Wahlverhalten erproben. Insbesondere im <a href=\"https:\/\/cvo.hamburg.de\/?page_id=2651\">Wahlpflichtbereich III<\/a> hat das CvO ein breitgef\u00e4chertes Angebot mit zum gro\u00dfen Teil jahrgangs\u00fcbergreifenden Kursen und CvO spezifischen Kursen. F\u00fcr diesen Bereich existiert einen eigenes, von der Schulbeh\u00f6rde genehmigtes Curriculum. Inhalte und Bewertungsgrundlagen sind der Homepage und dem eigens erstellten <a href=\"https:\/\/cvo.hamburg.de\/wp-content\/uploads\/sites\/31\/2025\/02\/broschuere_curriculum_wp3_2025.pdf\">Heft<\/a> zu entnehmen.<\/p>\n<p style=\"font-weight: 400\">Regelm\u00e4\u00dfig werden in diesem Wahlpflichtbereich auch herausragende Preise erreicht.<\/p>\n","protected":false},"excerpt":{"rendered":"<p>Die SuS der 8. bis 10. Klassen sollen in den Wahlpflichtbereichen I-V ihren Interessen nachgehen und u.a. Selbstst\u00e4ndigkeit bzw. Eigenverantwortung in ihrem Wahlverhalten erproben. Insbesondere im Wahlpflichtbereich III hat das CvO ein breitgef\u00e4chertes Angebot&#46;&#46;&#46;<\/p>\n","protected":false},"author":728,"featured_media":0,"parent":0,"menu_order":0,"comment_status":"closed","ping_status":"closed","template":"","meta":{"_acf_changed":false,"footnotes":""},"class_list":["post-7740","page","type-page","status-publish","hentry"],"acf":[],"_links":{"self":[{"href":"https:\/\/cvo.hamburg.de\/index.php?rest_route=\/wp\/v2\/pages\/7740","targetHints":{"allow":["GET"]}}],"collection":[{"href":"https:\/\/cvo.hamburg.de\/index.php?rest_route=\/wp\/v2\/pages"}],"about":[{"href":"https:\/\/cvo.hamburg.de\/index.php?rest_route=\/wp\/v2\/types\/page"}],"author":[{"embeddable":true,"href":"https:\/\/cvo.hamburg.de\/index.php?rest_route=\/wp\/v2\/users\/728"}],"replies":[{"embeddable":true,"href":"https:\/\/cvo.hamburg.de\/index.php?rest_route=%2Fwp%2Fv2%2Fcomments&post=7740"}],"version-history":[{"count":4,"href":"https:\/\/cvo.hamburg.de\/index.php?rest_route=\/wp\/v2\/pages\/7740\/revisions"}],"predecessor-version":[{"id":10032,"href":"https:\/\/cvo.hamburg.de\/index.php?rest_route=\/wp\/v2\/pages\/7740\/revisions\/10032"}],"wp:attachment":[{"href":"https:\/\/cvo.hamburg.de\/index.php?rest_route=%2Fwp%2Fv2%2Fmedia&parent=7740"}],"curies":[{"name":"wp","href":"https:\/\/api.w.org\/{rel}","templated":true}]}}