{"id":7728,"date":"2022-11-24T10:35:45","date_gmt":"2022-11-24T09:35:45","guid":{"rendered":"https:\/\/cvo.hamburg.de\/?page_id=7728"},"modified":"2022-11-24T10:35:45","modified_gmt":"2022-11-24T09:35:45","slug":"theater","status":"publish","type":"page","link":"https:\/\/cvo.hamburg.de\/?page_id=7728","title":{"rendered":"Theater"},"content":{"rendered":"<p><i><\/i>Das Fach Theater (fr\u00fcher als \u201eDarstellendes Spiel\u201c bezeichnet) hat am CvO eine langj\u00e4hrige Tradition. In allen Klassenstufen werden Theaterst\u00fccke einge\u00fcbt und beleben unseren Schulalltag. Die Auff\u00fchrungen erfreuen sich gro\u00dfer Beliebtheit und finden im neuen Theatersaal statt. In den Jahrg\u00e4ngen 5 und 6 sowie im Bili-Profil werden die Theaterkurse bilingual in englischer Sprache unterrichtet.<\/p>\n","protected":false},"excerpt":{"rendered":"<p>Das Fach Theater (fr\u00fcher als \u201eDarstellendes Spiel\u201c bezeichnet) hat am CvO eine langj\u00e4hrige Tradition. In allen Klassenstufen werden Theaterst\u00fccke einge\u00fcbt und beleben unseren Schulalltag. Die Auff\u00fchrungen erfreuen sich gro\u00dfer Beliebtheit und finden im neuen&#46;&#46;&#46;<\/p>\n","protected":false},"author":728,"featured_media":0,"parent":0,"menu_order":0,"comment_status":"closed","ping_status":"closed","template":"","meta":{"_acf_changed":false,"footnotes":""},"class_list":["post-7728","page","type-page","status-publish","hentry"],"acf":[],"_links":{"self":[{"href":"https:\/\/cvo.hamburg.de\/index.php?rest_route=\/wp\/v2\/pages\/7728","targetHints":{"allow":["GET"]}}],"collection":[{"href":"https:\/\/cvo.hamburg.de\/index.php?rest_route=\/wp\/v2\/pages"}],"about":[{"href":"https:\/\/cvo.hamburg.de\/index.php?rest_route=\/wp\/v2\/types\/page"}],"author":[{"embeddable":true,"href":"https:\/\/cvo.hamburg.de\/index.php?rest_route=\/wp\/v2\/users\/728"}],"replies":[{"embeddable":true,"href":"https:\/\/cvo.hamburg.de\/index.php?rest_route=%2Fwp%2Fv2%2Fcomments&post=7728"}],"version-history":[{"count":1,"href":"https:\/\/cvo.hamburg.de\/index.php?rest_route=\/wp\/v2\/pages\/7728\/revisions"}],"predecessor-version":[{"id":7729,"href":"https:\/\/cvo.hamburg.de\/index.php?rest_route=\/wp\/v2\/pages\/7728\/revisions\/7729"}],"wp:attachment":[{"href":"https:\/\/cvo.hamburg.de\/index.php?rest_route=%2Fwp%2Fv2%2Fmedia&parent=7728"}],"curies":[{"name":"wp","href":"https:\/\/api.w.org\/{rel}","templated":true}]}}