{"id":7719,"date":"2022-11-24T10:29:22","date_gmt":"2022-11-24T09:29:22","guid":{"rendered":"https:\/\/cvo.hamburg.de\/?page_id=7719"},"modified":"2022-11-25T11:27:24","modified_gmt":"2022-11-25T10:27:24","slug":"suchtpraevention","status":"publish","type":"page","link":"https:\/\/cvo.hamburg.de\/?page_id=7719","title":{"rendered":"Suchtpr\u00e4vention"},"content":{"rendered":"<p style=\"font-weight: 400\">Neben \u201eBe smart \u2013 don\u2019t start\u201c gibt es in der 8. Klasse eine weitere Projektwoche zum Thema Suchtpr\u00e4vention. In dieser Woche arbeiten die SuS auch in au\u00dferschulischen R\u00e4umen<\/p>\n<p>\u21d2 Weitere Informationen finden Sie<a href=\"https:\/\/cvo.hamburg.de\/?page_id=256\"> hier<\/a><\/p>\n<p>&nbsp;<\/p>\n","protected":false},"excerpt":{"rendered":"<p>Neben \u201eBe smart \u2013 don\u2019t start\u201c gibt es in der 8. Klasse eine weitere Projektwoche zum Thema Suchtpr\u00e4vention. In dieser Woche arbeiten die SuS auch in au\u00dferschulischen R\u00e4umen \u21d2 Weitere Informationen finden Sie hier&#46;&#46;&#46;<\/p>\n","protected":false},"author":728,"featured_media":0,"parent":0,"menu_order":0,"comment_status":"closed","ping_status":"closed","template":"","meta":{"_acf_changed":false,"footnotes":""},"class_list":["post-7719","page","type-page","status-publish","hentry"],"acf":[],"_links":{"self":[{"href":"https:\/\/cvo.hamburg.de\/index.php?rest_route=\/wp\/v2\/pages\/7719","targetHints":{"allow":["GET"]}}],"collection":[{"href":"https:\/\/cvo.hamburg.de\/index.php?rest_route=\/wp\/v2\/pages"}],"about":[{"href":"https:\/\/cvo.hamburg.de\/index.php?rest_route=\/wp\/v2\/types\/page"}],"author":[{"embeddable":true,"href":"https:\/\/cvo.hamburg.de\/index.php?rest_route=\/wp\/v2\/users\/728"}],"replies":[{"embeddable":true,"href":"https:\/\/cvo.hamburg.de\/index.php?rest_route=%2Fwp%2Fv2%2Fcomments&post=7719"}],"version-history":[{"count":2,"href":"https:\/\/cvo.hamburg.de\/index.php?rest_route=\/wp\/v2\/pages\/7719\/revisions"}],"predecessor-version":[{"id":7848,"href":"https:\/\/cvo.hamburg.de\/index.php?rest_route=\/wp\/v2\/pages\/7719\/revisions\/7848"}],"wp:attachment":[{"href":"https:\/\/cvo.hamburg.de\/index.php?rest_route=%2Fwp%2Fv2%2Fmedia&parent=7719"}],"curies":[{"name":"wp","href":"https:\/\/api.w.org\/{rel}","templated":true}]}}