{"id":7707,"date":"2022-11-24T10:19:05","date_gmt":"2022-11-24T09:19:05","guid":{"rendered":"https:\/\/cvo.hamburg.de\/?page_id=7707"},"modified":"2025-04-29T15:37:07","modified_gmt":"2025-04-29T13:37:07","slug":"sekretariat-schulbuero","status":"publish","type":"page","link":"https:\/\/cvo.hamburg.de\/?page_id=7707","title":{"rendered":"Schulb\u00fcro"},"content":{"rendered":"<p style=\"font-weight: 400\">Das Schulb\u00fcro ist montags bis donnerstags von 07.15 \u2013 16.00 Uhr besetzt, freitags von 7.15 \u2013 14.00 Uhr.<br \/>\nVon 10.00 \u2013 11.15 Uhr ist Stillarbeitszeit, das Schulb\u00fcro ist in diesem Zeitraum geschlossen. In dringenden F\u00e4llen \u2013 wie z.B. Verletzungen &#8211; soll selbstverst\u00e4ndlich geklopft werden!<\/p>\n<p style=\"font-weight: 400\">Frau Krischkofski wird tatkr\u00e4ftig von Frau Lorenz und Frau Heinsohn unterst\u00fctzt. Neben den vielen organisatorischen T\u00e4tigkeiten f\u00fcr die Schule, die im Schulb\u00fcro bew\u00e4ltigt werden m\u00fcssen, unterst\u00fctzt das Schulb\u00fcro Ihre Kinder in kleinen und gro\u00dfen Notlagen: Hier k\u00f6nnen z. B. Ihre Kinder telefonieren, wenn sie Sie als Eltern erreichen wollen, es werden Coolpacks oder Pflaster f\u00fcr kleine Verletzungen ausgegeben und vieles mehr.<\/p>\n<p>\u21d2 Weitere Informationen finden Sie <a href=\"https:\/\/cvo.hamburg.de\/?page_id=397\">hier<\/a><\/p>\n<p>&nbsp;<\/p>\n","protected":false},"excerpt":{"rendered":"<p>Das Schulb\u00fcro ist montags bis donnerstags von 07.15 \u2013 16.00 Uhr besetzt, freitags von 7.15 \u2013 14.00 Uhr. Von 10.00 \u2013 11.15 Uhr ist Stillarbeitszeit, das Schulb\u00fcro ist in diesem Zeitraum geschlossen. In dringenden&#46;&#46;&#46;<\/p>\n","protected":false},"author":728,"featured_media":0,"parent":0,"menu_order":0,"comment_status":"closed","ping_status":"closed","template":"","meta":{"_acf_changed":false,"footnotes":""},"class_list":["post-7707","page","type-page","status-publish","hentry"],"acf":[],"_links":{"self":[{"href":"https:\/\/cvo.hamburg.de\/index.php?rest_route=\/wp\/v2\/pages\/7707","targetHints":{"allow":["GET"]}}],"collection":[{"href":"https:\/\/cvo.hamburg.de\/index.php?rest_route=\/wp\/v2\/pages"}],"about":[{"href":"https:\/\/cvo.hamburg.de\/index.php?rest_route=\/wp\/v2\/types\/page"}],"author":[{"embeddable":true,"href":"https:\/\/cvo.hamburg.de\/index.php?rest_route=\/wp\/v2\/users\/728"}],"replies":[{"embeddable":true,"href":"https:\/\/cvo.hamburg.de\/index.php?rest_route=%2Fwp%2Fv2%2Fcomments&post=7707"}],"version-history":[{"count":10,"href":"https:\/\/cvo.hamburg.de\/index.php?rest_route=\/wp\/v2\/pages\/7707\/revisions"}],"predecessor-version":[{"id":10218,"href":"https:\/\/cvo.hamburg.de\/index.php?rest_route=\/wp\/v2\/pages\/7707\/revisions\/10218"}],"wp:attachment":[{"href":"https:\/\/cvo.hamburg.de\/index.php?rest_route=%2Fwp%2Fv2%2Fmedia&parent=7707"}],"curies":[{"name":"wp","href":"https:\/\/api.w.org\/{rel}","templated":true}]}}