{"id":7703,"date":"2022-11-24T10:15:37","date_gmt":"2022-11-24T09:15:37","guid":{"rendered":"https:\/\/cvo.hamburg.de\/?page_id=7703"},"modified":"2022-11-25T11:21:10","modified_gmt":"2022-11-25T10:21:10","slug":"schulsprecherteam-schuelerrat","status":"publish","type":"page","link":"https:\/\/cvo.hamburg.de\/?page_id=7703","title":{"rendered":"Schulsprecherteam\/Sch\u00fclerrat"},"content":{"rendered":"<p style=\"font-weight: 400\">Am Anfang des Schuljahres w\u00e4hlen alle SuS ein Schulsprecherteam. Die Aufgabe des Teams ist es, die Interessen der SuS zu vertreten und auch Veranstaltungen zu organisieren, die das Gruppengef\u00fchl der gesamten Sch\u00fclerschaft st\u00e4rken (Discos, Schulausfl\u00fcge oder anderes). Es ist zudem in allen Gremien der Schule vertreten, um dort die Interessen der Sch\u00fclerschaft zu repr\u00e4sentieren und zu vertreten.<\/p>\n<p style=\"font-weight: 400\">Der Sch\u00fclerrat (SR) setzt sich aus allen Klassen- und Profilsprechern der Schule zusammen und wird vom Schulsprecherteam geleitet. An den monatlichen SR-Sitzungen nehmen die Klassensprecher aus allen Klassen teil, diskutieren aktuelle sowie die anstehenden Themen und Anliegen des Schulalltages und geben die wichtigen Informationen anschlie\u00dfend im Klassenrat den Mitsch\u00fclern weiter.<\/p>\n<p style=\"font-weight: 400\">Einmal im Jahr fahren alle Klassensprecher\/-innen mit dem Schulsprecherteam und den Verbindungslehrer*innen zusammen f\u00fcr ein Wochenende auf SR-Reise, um sich besser kennenzulernen und an Themen, wie z.&nbsp;B. Schulhofgestaltung oder Mitbestimmung zu arbeiten bzw. sich in Arbeitsgruppen zu finden und zu organisieren.<\/p>\n<p>\u21d2 Weitere Informationen finden Sie <a href=\"https:\/\/cvo.hamburg.de\/?page_id=359\">hier<\/a><\/p>\n<p style=\"font-weight: 400\">&nbsp;<\/p>\n","protected":false},"excerpt":{"rendered":"<p>Am Anfang des Schuljahres w\u00e4hlen alle SuS ein Schulsprecherteam. Die Aufgabe des Teams ist es, die Interessen der SuS zu vertreten und auch Veranstaltungen zu organisieren, die das Gruppengef\u00fchl der gesamten Sch\u00fclerschaft st\u00e4rken (Discos,&#46;&#46;&#46;<\/p>\n","protected":false},"author":728,"featured_media":0,"parent":0,"menu_order":0,"comment_status":"closed","ping_status":"closed","template":"","meta":{"_acf_changed":false,"footnotes":""},"class_list":["post-7703","page","type-page","status-publish","hentry"],"acf":[],"_links":{"self":[{"href":"https:\/\/cvo.hamburg.de\/index.php?rest_route=\/wp\/v2\/pages\/7703","targetHints":{"allow":["GET"]}}],"collection":[{"href":"https:\/\/cvo.hamburg.de\/index.php?rest_route=\/wp\/v2\/pages"}],"about":[{"href":"https:\/\/cvo.hamburg.de\/index.php?rest_route=\/wp\/v2\/types\/page"}],"author":[{"embeddable":true,"href":"https:\/\/cvo.hamburg.de\/index.php?rest_route=\/wp\/v2\/users\/728"}],"replies":[{"embeddable":true,"href":"https:\/\/cvo.hamburg.de\/index.php?rest_route=%2Fwp%2Fv2%2Fcomments&post=7703"}],"version-history":[{"count":2,"href":"https:\/\/cvo.hamburg.de\/index.php?rest_route=\/wp\/v2\/pages\/7703\/revisions"}],"predecessor-version":[{"id":7842,"href":"https:\/\/cvo.hamburg.de\/index.php?rest_route=\/wp\/v2\/pages\/7703\/revisions\/7842"}],"wp:attachment":[{"href":"https:\/\/cvo.hamburg.de\/index.php?rest_route=%2Fwp%2Fv2%2Fmedia&parent=7703"}],"curies":[{"name":"wp","href":"https:\/\/api.w.org\/{rel}","templated":true}]}}