{"id":7638,"date":"2022-11-18T15:12:40","date_gmt":"2022-11-18T14:12:40","guid":{"rendered":"https:\/\/cvo.hamburg.de\/?page_id=7638"},"modified":"2022-11-18T15:14:33","modified_gmt":"2022-11-18T14:14:33","slug":"primus","status":"publish","type":"page","link":"https:\/\/cvo.hamburg.de\/?page_id=7638","title":{"rendered":"PRIMUS"},"content":{"rendered":"<div><span class=\"Arial9\">PRIMUS hei\u00dft unser Verein, \u00fcber den die Kleingruppen des Musikkonzeptes organisiert und finanziert werden. Alle Familien, deren Kinder in den Jahrg\u00e4ngen 5 und 6 ein Instrument lernen sind Mitglieder des Vereins, um die Musiklehrer sowie die Miete f\u00fcr die Instrumente zu finanzieren. Mehr dazu siehe <a href=\"https:\/\/cvo.hamburg.de\/?page_id=2674\">hier<\/a><\/span><\/div>\n","protected":false},"excerpt":{"rendered":"<p>PRIMUS hei\u00dft unser Verein, \u00fcber den die Kleingruppen des Musikkonzeptes organisiert und finanziert werden. Alle Familien, deren Kinder in den Jahrg\u00e4ngen 5 und 6 ein Instrument lernen sind Mitglieder des Vereins, um die Musiklehrer&#46;&#46;&#46;<\/p>\n","protected":false},"author":728,"featured_media":0,"parent":0,"menu_order":0,"comment_status":"closed","ping_status":"closed","template":"","meta":{"_acf_changed":false,"footnotes":""},"class_list":["post-7638","page","type-page","status-publish","hentry"],"acf":[],"_links":{"self":[{"href":"https:\/\/cvo.hamburg.de\/index.php?rest_route=\/wp\/v2\/pages\/7638","targetHints":{"allow":["GET"]}}],"collection":[{"href":"https:\/\/cvo.hamburg.de\/index.php?rest_route=\/wp\/v2\/pages"}],"about":[{"href":"https:\/\/cvo.hamburg.de\/index.php?rest_route=\/wp\/v2\/types\/page"}],"author":[{"embeddable":true,"href":"https:\/\/cvo.hamburg.de\/index.php?rest_route=\/wp\/v2\/users\/728"}],"replies":[{"embeddable":true,"href":"https:\/\/cvo.hamburg.de\/index.php?rest_route=%2Fwp%2Fv2%2Fcomments&post=7638"}],"version-history":[{"count":2,"href":"https:\/\/cvo.hamburg.de\/index.php?rest_route=\/wp\/v2\/pages\/7638\/revisions"}],"predecessor-version":[{"id":7643,"href":"https:\/\/cvo.hamburg.de\/index.php?rest_route=\/wp\/v2\/pages\/7638\/revisions\/7643"}],"wp:attachment":[{"href":"https:\/\/cvo.hamburg.de\/index.php?rest_route=%2Fwp%2Fv2%2Fmedia&parent=7638"}],"curies":[{"name":"wp","href":"https:\/\/api.w.org\/{rel}","templated":true}]}}