{"id":7630,"date":"2022-11-18T15:07:12","date_gmt":"2022-11-18T14:07:12","guid":{"rendered":"https:\/\/cvo.hamburg.de\/?page_id=7630"},"modified":"2022-11-18T15:08:45","modified_gmt":"2022-11-18T14:08:45","slug":"patenschueler","status":"publish","type":"page","link":"https:\/\/cvo.hamburg.de\/?page_id=7630","title":{"rendered":"Patensch\u00fclerInnen"},"content":{"rendered":"<p style=\"font-weight: 400\">Jede der neuen f\u00fcnften Klassen wird von zwei Patensch\u00fclerInnen aus einer neunten Klasse betreut. Je nach Absprache sind die freiwilligen PatInnen an allen Klassenaktivit\u00e4ten, wie Sportveranstaltungen, Ausfl\u00fcgen oder Festen, beteiligt. Auch zur ersten Klassenreise nach Puan Klent fahren sie mit.<\/p>\n","protected":false},"excerpt":{"rendered":"<p>Jede der neuen f\u00fcnften Klassen wird von zwei Patensch\u00fclerInnen aus einer neunten Klasse betreut. Je nach Absprache sind die freiwilligen PatInnen an allen Klassenaktivit\u00e4ten, wie Sportveranstaltungen, Ausfl\u00fcgen oder Festen, beteiligt. Auch zur ersten Klassenreise&#46;&#46;&#46;<\/p>\n","protected":false},"author":728,"featured_media":0,"parent":0,"menu_order":0,"comment_status":"closed","ping_status":"closed","template":"","meta":{"_acf_changed":false,"footnotes":""},"class_list":["post-7630","page","type-page","status-publish","hentry"],"acf":[],"_links":{"self":[{"href":"https:\/\/cvo.hamburg.de\/index.php?rest_route=\/wp\/v2\/pages\/7630","targetHints":{"allow":["GET"]}}],"collection":[{"href":"https:\/\/cvo.hamburg.de\/index.php?rest_route=\/wp\/v2\/pages"}],"about":[{"href":"https:\/\/cvo.hamburg.de\/index.php?rest_route=\/wp\/v2\/types\/page"}],"author":[{"embeddable":true,"href":"https:\/\/cvo.hamburg.de\/index.php?rest_route=\/wp\/v2\/users\/728"}],"replies":[{"embeddable":true,"href":"https:\/\/cvo.hamburg.de\/index.php?rest_route=%2Fwp%2Fv2%2Fcomments&post=7630"}],"version-history":[{"count":2,"href":"https:\/\/cvo.hamburg.de\/index.php?rest_route=\/wp\/v2\/pages\/7630\/revisions"}],"predecessor-version":[{"id":7632,"href":"https:\/\/cvo.hamburg.de\/index.php?rest_route=\/wp\/v2\/pages\/7630\/revisions\/7632"}],"wp:attachment":[{"href":"https:\/\/cvo.hamburg.de\/index.php?rest_route=%2Fwp%2Fv2%2Fmedia&parent=7630"}],"curies":[{"name":"wp","href":"https:\/\/api.w.org\/{rel}","templated":true}]}}