{"id":7625,"date":"2022-11-18T15:04:05","date_gmt":"2022-11-18T14:04:05","guid":{"rendered":"https:\/\/cvo.hamburg.de\/?page_id=7625"},"modified":"2022-11-18T15:05:04","modified_gmt":"2022-11-18T14:05:04","slug":"partnerschule-des-nachwuchsleistungssports","status":"publish","type":"page","link":"https:\/\/cvo.hamburg.de\/?page_id=7625","title":{"rendered":"Partnerschule des Nachwuchsleistungssports"},"content":{"rendered":"<p style=\"font-weight: 400\">Das Carl-von-Ossietzky-Gymnasium hat zum Schuljahr 2019\/20 das Pr\u00e4dikat einer Partnerschule des Nachwuchsleistungssports erhalten. Hiermit wurden die jahrelangen Bem\u00fchungen des CvO, der Partnervereine und der jeweiligen Sportfachverb\u00e4nde honoriert. Die Sportf\u00f6rderung erfolgt seit dem SJ 2014\/15 durch den Besuch der Sportklasse, in der durch Kooperationen mit den Sportvereinen UHC, SG Hamburg-Nord und SCP und den jeweiligen Landestrainern.<\/p>\n<p style=\"font-weight: 400\">Am CvO werden jugendliche Sportler zurzeit spezifisch in den Sportarten Handball und Hockey gef\u00f6rdert. In den Jahrg\u00e4ngen 5 und 6 findet die F\u00f6rderung in allen drei Sportarten statt. Ab dem Jahrgang 7 findet dann eine Spezialisierung auf eine Sportart statt. Somit erhalten die SuS ganzj\u00e4hrig eine F\u00f6rderung entweder in Handball oder Hockey . F\u00fcr jugendliche Sportler aus anderen Sportarten findet in den Zeiten eine breitgef\u00e4cherte Sportstunde statt. Umgesetzt wird das in zwei zus\u00e4tzlichen Trainingseinheiten von 90 Minuten, die in den Stundenplan am Vormittag integriert sind. Geleitet werden diese Trainingseinheiten von LuL mit Trainerlizenz, Vereinstrainern und Verbandstrainern. Somit kann eine hohe Qualit\u00e4t gew\u00e4hrleistet werden.<\/p>\n<p style=\"font-weight: 400\">F\u00fcr SuS, die in die Auswahlmannschaften der jeweiligen Sportarten gerufen wurden, kann so deren F\u00f6rderung direkt am CvO stattfinden und lange Fahrtwege am Nachmittag werden reduziert. Ferner erm\u00f6glicht die enge Kooperation zwischen der Schule und den Landestrainern, die schulischen und sportlichen Belastungen der jungen Athleten zu koordinieren und somit f\u00fcr Entlastung zu sorgen.<\/p>\n<p style=\"font-weight: 400\">In der Oberstufe wird der Klassenverbund zwar aufgel\u00f6st, aber es besteht die M\u00f6glichkeit, mit der Wahl des Sportprofils weiter sportliche F\u00f6rderung zu erhalten.<\/p>\n<p>Weiter Informationen finden Sie <a href=\"https:\/\/cvo.hamburg.de\/?page_id=2475\">hier<\/a>&nbsp;<\/p>\n","protected":false},"excerpt":{"rendered":"<p>Das Carl-von-Ossietzky-Gymnasium hat zum Schuljahr 2019\/20 das Pr\u00e4dikat einer Partnerschule des Nachwuchsleistungssports erhalten. Hiermit wurden die jahrelangen Bem\u00fchungen des CvO, der Partnervereine und der jeweiligen Sportfachverb\u00e4nde honoriert. Die Sportf\u00f6rderung erfolgt seit dem SJ 2014\/15&#46;&#46;&#46;<\/p>\n","protected":false},"author":728,"featured_media":0,"parent":0,"menu_order":0,"comment_status":"closed","ping_status":"closed","template":"","meta":{"_acf_changed":false,"footnotes":""},"class_list":["post-7625","page","type-page","status-publish","hentry"],"acf":[],"_links":{"self":[{"href":"https:\/\/cvo.hamburg.de\/index.php?rest_route=\/wp\/v2\/pages\/7625","targetHints":{"allow":["GET"]}}],"collection":[{"href":"https:\/\/cvo.hamburg.de\/index.php?rest_route=\/wp\/v2\/pages"}],"about":[{"href":"https:\/\/cvo.hamburg.de\/index.php?rest_route=\/wp\/v2\/types\/page"}],"author":[{"embeddable":true,"href":"https:\/\/cvo.hamburg.de\/index.php?rest_route=\/wp\/v2\/users\/728"}],"replies":[{"embeddable":true,"href":"https:\/\/cvo.hamburg.de\/index.php?rest_route=%2Fwp%2Fv2%2Fcomments&post=7625"}],"version-history":[{"count":2,"href":"https:\/\/cvo.hamburg.de\/index.php?rest_route=\/wp\/v2\/pages\/7625\/revisions"}],"predecessor-version":[{"id":7627,"href":"https:\/\/cvo.hamburg.de\/index.php?rest_route=\/wp\/v2\/pages\/7625\/revisions\/7627"}],"wp:attachment":[{"href":"https:\/\/cvo.hamburg.de\/index.php?rest_route=%2Fwp%2Fv2%2Fmedia&parent=7625"}],"curies":[{"name":"wp","href":"https:\/\/api.w.org\/{rel}","templated":true}]}}