{"id":7623,"date":"2022-11-18T15:01:34","date_gmt":"2022-11-18T14:01:34","guid":{"rendered":"https:\/\/cvo.hamburg.de\/?page_id=7623"},"modified":"2022-11-18T15:01:34","modified_gmt":"2022-11-18T14:01:34","slug":"parkplaetze","status":"publish","type":"page","link":"https:\/\/cvo.hamburg.de\/?page_id=7623","title":{"rendered":"Parkpl\u00e4tze"},"content":{"rendered":"<p style=\"font-weight: 400\">Vor allem bei gr\u00f6\u00dferen Schulveranstaltungen sollten die Parkpl\u00e4tze bei der Sporthalle und neben dem Sportplatz genutzt werden. Sie sind \u00fcber den Tegelsbarg zu erreichen (Einfahrt links und rechts vom \u201eHaus der Jugend\u201c).<\/p>\n","protected":false},"excerpt":{"rendered":"<p>Vor allem bei gr\u00f6\u00dferen Schulveranstaltungen sollten die Parkpl\u00e4tze bei der Sporthalle und neben dem Sportplatz genutzt werden. Sie sind \u00fcber den Tegelsbarg zu erreichen (Einfahrt links und rechts vom \u201eHaus der Jugend\u201c).<\/p>\n","protected":false},"author":728,"featured_media":0,"parent":0,"menu_order":0,"comment_status":"closed","ping_status":"closed","template":"","meta":{"_acf_changed":false,"footnotes":""},"class_list":["post-7623","page","type-page","status-publish","hentry"],"acf":[],"_links":{"self":[{"href":"https:\/\/cvo.hamburg.de\/index.php?rest_route=\/wp\/v2\/pages\/7623","targetHints":{"allow":["GET"]}}],"collection":[{"href":"https:\/\/cvo.hamburg.de\/index.php?rest_route=\/wp\/v2\/pages"}],"about":[{"href":"https:\/\/cvo.hamburg.de\/index.php?rest_route=\/wp\/v2\/types\/page"}],"author":[{"embeddable":true,"href":"https:\/\/cvo.hamburg.de\/index.php?rest_route=\/wp\/v2\/users\/728"}],"replies":[{"embeddable":true,"href":"https:\/\/cvo.hamburg.de\/index.php?rest_route=%2Fwp%2Fv2%2Fcomments&post=7623"}],"version-history":[{"count":1,"href":"https:\/\/cvo.hamburg.de\/index.php?rest_route=\/wp\/v2\/pages\/7623\/revisions"}],"predecessor-version":[{"id":7624,"href":"https:\/\/cvo.hamburg.de\/index.php?rest_route=\/wp\/v2\/pages\/7623\/revisions\/7624"}],"wp:attachment":[{"href":"https:\/\/cvo.hamburg.de\/index.php?rest_route=%2Fwp%2Fv2%2Fmedia&parent=7623"}],"curies":[{"name":"wp","href":"https:\/\/api.w.org\/{rel}","templated":true}]}}