{"id":7423,"date":"2022-11-16T10:53:14","date_gmt":"2022-11-16T09:53:14","guid":{"rendered":"https:\/\/cvo.hamburg.de\/?page_id=7423"},"modified":"2022-11-25T10:15:46","modified_gmt":"2022-11-25T09:15:46","slug":"fit-und-stark","status":"publish","type":"page","link":"https:\/\/cvo.hamburg.de\/?page_id=7423","title":{"rendered":"Fit und Stark"},"content":{"rendered":"<p style=\"font-weight: 400\">Seit mehreren Jahren wird am CvO in der 5. Klasse ein im Rahmen der \u201eEurop\u00e4ischen Untersuchung zur Suchtpr\u00e4vention\u201c entwickeltes Programm zur St\u00e4rkung der Lebenskompetenzen durchgef\u00fchrt. Es geht dabei um:<\/p>\n<ul>\n<li style=\"font-weight: 400\">Selbstwahrnehmung und Einf\u00fchlungsverm\u00f6gen<\/li>\n<li style=\"font-weight: 400\">Kommunikation<\/li>\n<li style=\"font-weight: 400\">Kritisches Denken \/ Standfestigkeit<\/li>\n<li style=\"font-weight: 400\">Probleml\u00f6sungen<\/li>\n<\/ul>\n<p>\u21d2 Weitere Informationen finden Sie <a href=\"https:\/\/cvo.hamburg.de\/?page_id=256\">hier<\/a><\/p>\n","protected":false},"excerpt":{"rendered":"<p>Seit mehreren Jahren wird am CvO in der 5. Klasse ein im Rahmen der \u201eEurop\u00e4ischen Untersuchung zur Suchtpr\u00e4vention\u201c entwickeltes Programm zur St\u00e4rkung der Lebenskompetenzen durchgef\u00fchrt. Es geht dabei um: Selbstwahrnehmung und Einf\u00fchlungsverm\u00f6gen Kommunikation Kritisches&#46;&#46;&#46;<\/p>\n","protected":false},"author":728,"featured_media":0,"parent":0,"menu_order":0,"comment_status":"closed","ping_status":"closed","template":"","meta":{"_acf_changed":false,"footnotes":""},"class_list":["post-7423","page","type-page","status-publish","hentry"],"acf":[],"_links":{"self":[{"href":"https:\/\/cvo.hamburg.de\/index.php?rest_route=\/wp\/v2\/pages\/7423","targetHints":{"allow":["GET"]}}],"collection":[{"href":"https:\/\/cvo.hamburg.de\/index.php?rest_route=\/wp\/v2\/pages"}],"about":[{"href":"https:\/\/cvo.hamburg.de\/index.php?rest_route=\/wp\/v2\/types\/page"}],"author":[{"embeddable":true,"href":"https:\/\/cvo.hamburg.de\/index.php?rest_route=\/wp\/v2\/users\/728"}],"replies":[{"embeddable":true,"href":"https:\/\/cvo.hamburg.de\/index.php?rest_route=%2Fwp%2Fv2%2Fcomments&post=7423"}],"version-history":[{"count":2,"href":"https:\/\/cvo.hamburg.de\/index.php?rest_route=\/wp\/v2\/pages\/7423\/revisions"}],"predecessor-version":[{"id":7813,"href":"https:\/\/cvo.hamburg.de\/index.php?rest_route=\/wp\/v2\/pages\/7423\/revisions\/7813"}],"wp:attachment":[{"href":"https:\/\/cvo.hamburg.de\/index.php?rest_route=%2Fwp%2Fv2%2Fmedia&parent=7423"}],"curies":[{"name":"wp","href":"https:\/\/api.w.org\/{rel}","templated":true}]}}