{"id":7350,"date":"2022-11-15T10:57:28","date_gmt":"2022-11-15T09:57:28","guid":{"rendered":"https:\/\/cvo.hamburg.de\/?page_id=7350"},"modified":"2022-11-15T10:57:28","modified_gmt":"2022-11-15T09:57:28","slug":"baumassnahmen","status":"publish","type":"page","link":"https:\/\/cvo.hamburg.de\/?page_id=7350","title":{"rendered":"Bauma\u00dfnahmen"},"content":{"rendered":"<p style=\"font-weight: 400\">Am CvO gibt es immer eine Reihe von Bauma\u00dfnahmen, die in der Regel von Schulbau Hamburg als Eigent\u00fcmer der st\u00e4dtischen Liegenschaften beauftragt, aber von der Schulbeh\u00f6rde finanziell genehmigt werden. Die Schule verf\u00fcgt selbst nur \u00fcber ein geringes Reparatur- und Instandsetzungsbudget, da hier in erster Linie die BSB verantwortlich ist. Der Bauausschuss des Elternrates wirkt, eingebunden in die Pl\u00e4ne, anregend, unterst\u00fctzend und so manches Mal auch antreibend bei Bauma\u00dfnahmen im Rahmen seiner M\u00f6glichkeiten gemeinsam mit der Schulleitung und Schulbau Hamburg.<\/p>\n<p style=\"font-weight: 400\">Zuletzt wurde am CvO das Fachgeb\u00e4ude saniert. Dar\u00fcber hinaus ist ein Neubau mit zus\u00e4tzlichen Klassenr\u00e4umen, einer Veranstaltungshalle sowie einer gr\u00f6\u00dferen Mensa in Planung. SB ist verantwortlich f\u00fcr die Instandsetzung des Geb\u00e4udes.<\/p>\n","protected":false},"excerpt":{"rendered":"<p>Am CvO gibt es immer eine Reihe von Bauma\u00dfnahmen, die in der Regel von Schulbau Hamburg als Eigent\u00fcmer der st\u00e4dtischen Liegenschaften beauftragt, aber von der Schulbeh\u00f6rde finanziell genehmigt werden. Die Schule verf\u00fcgt selbst nur&#46;&#46;&#46;<\/p>\n","protected":false},"author":728,"featured_media":0,"parent":0,"menu_order":0,"comment_status":"closed","ping_status":"closed","template":"","meta":{"_acf_changed":false,"footnotes":""},"class_list":["post-7350","page","type-page","status-publish","hentry"],"acf":[],"_links":{"self":[{"href":"https:\/\/cvo.hamburg.de\/index.php?rest_route=\/wp\/v2\/pages\/7350","targetHints":{"allow":["GET"]}}],"collection":[{"href":"https:\/\/cvo.hamburg.de\/index.php?rest_route=\/wp\/v2\/pages"}],"about":[{"href":"https:\/\/cvo.hamburg.de\/index.php?rest_route=\/wp\/v2\/types\/page"}],"author":[{"embeddable":true,"href":"https:\/\/cvo.hamburg.de\/index.php?rest_route=\/wp\/v2\/users\/728"}],"replies":[{"embeddable":true,"href":"https:\/\/cvo.hamburg.de\/index.php?rest_route=%2Fwp%2Fv2%2Fcomments&post=7350"}],"version-history":[{"count":2,"href":"https:\/\/cvo.hamburg.de\/index.php?rest_route=\/wp\/v2\/pages\/7350\/revisions"}],"predecessor-version":[{"id":7757,"href":"https:\/\/cvo.hamburg.de\/index.php?rest_route=\/wp\/v2\/pages\/7350\/revisions\/7757"}],"wp:attachment":[{"href":"https:\/\/cvo.hamburg.de\/index.php?rest_route=%2Fwp%2Fv2%2Fmedia&parent=7350"}],"curies":[{"name":"wp","href":"https:\/\/api.w.org\/{rel}","templated":true}]}}