{"id":7060,"date":"2022-09-05T12:02:00","date_gmt":"2022-09-05T10:02:00","guid":{"rendered":"https:\/\/cvo.hamburg.de\/?page_id=7060"},"modified":"2025-09-19T10:32:32","modified_gmt":"2025-09-19T08:32:32","slug":"ags","status":"publish","type":"page","link":"https:\/\/cvo.hamburg.de\/?page_id=7060","title":{"rendered":"AGs"},"content":{"rendered":"<div class=\"page\" title=\"Page 6\">\n<div class=\"layoutArea\">\n<div class=\"column\">\n<p>Am Nachmittag gibt es ein breites Angebot an Neigungskursen bzw. AGs, wie z. B. Musik, Handball, Hockey, naturwissenschaftliche Kurse und vieles mehr. Diese starten im Allgemeinen in der 3.\/4. Woche vor den Herbstferien. Die \u00dcbersicht wird den SuS in den Klassenratstunden vorgestellt. In den ersten Wochen kann man dann in allen Kursen schnuppern. Hat man sich f\u00fcr einen Kurs entschieden, ist die regelm\u00e4\u00dfige Teilnahme f\u00fcr ein Schulhalbjahr gew\u00fcnscht.&nbsp;<\/p>\n<\/div>\n<\/div>\n<\/div>\n","protected":false},"excerpt":{"rendered":"<p>Am Nachmittag gibt es ein breites Angebot an Neigungskursen bzw. AGs, wie z. B. Musik, Handball, Hockey, naturwissenschaftliche Kurse und vieles mehr. Diese starten im Allgemeinen in der 3.\/4. Woche vor den Herbstferien. Die&#46;&#46;&#46;<\/p>\n","protected":false},"author":728,"featured_media":0,"parent":0,"menu_order":0,"comment_status":"closed","ping_status":"closed","template":"","meta":{"_acf_changed":false,"footnotes":""},"class_list":["post-7060","page","type-page","status-publish","hentry"],"acf":[],"_links":{"self":[{"href":"https:\/\/cvo.hamburg.de\/index.php?rest_route=\/wp\/v2\/pages\/7060","targetHints":{"allow":["GET"]}}],"collection":[{"href":"https:\/\/cvo.hamburg.de\/index.php?rest_route=\/wp\/v2\/pages"}],"about":[{"href":"https:\/\/cvo.hamburg.de\/index.php?rest_route=\/wp\/v2\/types\/page"}],"author":[{"embeddable":true,"href":"https:\/\/cvo.hamburg.de\/index.php?rest_route=\/wp\/v2\/users\/728"}],"replies":[{"embeddable":true,"href":"https:\/\/cvo.hamburg.de\/index.php?rest_route=%2Fwp%2Fv2%2Fcomments&post=7060"}],"version-history":[{"count":7,"href":"https:\/\/cvo.hamburg.de\/index.php?rest_route=\/wp\/v2\/pages\/7060\/revisions"}],"predecessor-version":[{"id":10487,"href":"https:\/\/cvo.hamburg.de\/index.php?rest_route=\/wp\/v2\/pages\/7060\/revisions\/10487"}],"wp:attachment":[{"href":"https:\/\/cvo.hamburg.de\/index.php?rest_route=%2Fwp%2Fv2%2Fmedia&parent=7060"}],"curies":[{"name":"wp","href":"https:\/\/api.w.org\/{rel}","templated":true}]}}