{"id":406,"date":"2014-05-31T17:37:19","date_gmt":"2014-05-31T15:37:19","guid":{"rendered":"https:\/\/carlvossietzky.dev-schulhomepages.hamburg.de\/?page_id=406"},"modified":"2025-09-24T14:34:27","modified_gmt":"2025-09-24T12:34:27","slug":"der-schulverein","status":"publish","type":"page","link":"https:\/\/cvo.hamburg.de\/?page_id=406","title":{"rendered":"Schulverein"},"content":{"rendered":"<p>Mitglieder des Schulvereins sind Eltern von Sch\u00fcler: innen, Lehrer: innen sowie Freunde der Schule, die die Lern- und Arbeitsbedingungen am Carl-von-Ossietzky-Gymnasium f\u00f6rdern wollen. Viele Eltern wissen, dass ihre Kinder von den Aktivit\u00e4ten des Schulvereins profitieren und tragen durch ihre Mitgliedschaft dazu bei, dass der Verein seine Aufgaben f\u00fcr das CvO in w\u00fcnschenswertem Umfang erf\u00fcllen kann. Der Schulverein ist als gemeinn\u00fctzig anerkannt. Der Mitgliedsbeitrag betr\u00e4gt j\u00e4hrlich mindestens 20 \u20ac. Es k\u00f6nnen gerne auch h\u00f6here Beitr\u00e4ge \u00fcberwiesen werden. ALLE finanziellen Zuwendungen an den Verein sind von der Steuer absetzbar. Bei Summen bis 200 \u20ac reicht dem Finanzamt der Kontoauszug. Handelt es sich um gr\u00f6\u00dfere Betr\u00e4ge, stellt der Schulverein auf Wunsch eine Spendenbescheinigung aus. Das Beitrittsformular erhalten Sie im Schulb\u00fcro oder auf der<a href=\"https:\/\/www.cvo-schulverein.de\"> Homepage des Schulvereins<\/a>.<\/p>\n<p><strong>Wie unterst\u00fctzt der Schulverein die Arbeit am CvO?<\/strong><br \/>\nZum einen wird durch die finanzielle Hilfe des Schulvereins das Unterrichtsangebot durch Anschaffung zus\u00e4tzlicher Lernmittel verbessert und erweitert. Ein anderer Teil der Gelder wird f\u00fcr \u201eBewegung und Musik\u201c verwendet. Bei ganzt\u00e4gigem Unterricht wird dieser Aspekt als Ausgleich zur reinen Denkt\u00e4tigkeit zunehmend wichtiger, sodass der Handlungsbedarf in diesem Bereich wachsen wird. In den vergangenen Jahren wurden u.a. folgende Anschaffungen finanziert und Zusch\u00fcsse gew\u00e4hrt:<br \/>\n\u25aa Zusch\u00fcsse f\u00fcr Austausch und Klassenreisen<\/p>\n<p>\u25aa Zusch\u00fcsse f\u00fcr die Sch\u00fclerbibliothek der Unter- und Mittelstufe<br \/>\n\u25aa Finanzierung von Theatervorh\u00e4ngen f\u00fcr die Pausenhalle<br \/>\n\u25aa Besondere Kleinmaterialien f\u00fcr verschiedene Fachbereiche<br \/>\n\u25aa Eine neue Dokumentenkamera f\u00fcr den Physikunterricht<br \/>\n\u25aa Neue Handb\u00e4lle f\u00fcr die Fachschaft Sport<br \/>\n\u25aa Zusch\u00fcsse f\u00fcr den Schulgarten<br \/>\n\u25aa Zusch\u00fcsse f\u00fcr die Zeitung Osscar<br \/>\n\u25aa Anschaffung f\u00fcr Hockeyausr\u00fcstung<br \/>\n\u25aa Interaktive Whiteboards f\u00fcr Pr\u00e4sentationen<br \/>\n\u25aa Trikots f\u00fcr die Sportmannschaften des CvO\u00b4s<br \/>\n\u25aa Anschaffung von PCs f\u00fcr das Homeschooling<br \/>\n\u25aa Ausstattung des Theaterraums<br \/>\n\u25aa Tischtennisplatte f\u00fcr den Schulhof<br \/>\n\u25aa Anschaffung von B\u00fcchern<br \/>\n\u25aa Matten f\u00fcr Parcours<br \/>\n\u25aa iPads f\u00fcr die Sch\u00fclerbibliothek (Recherche)<br \/>\n\u25aa Kletterwand in der gro\u00dfen Turnhalle<br \/>\n\u25aa Digitale Zeitmessungs-Anlage f\u00fcr den Fachbereich Sport<br \/>\n\u25aa Ergonomische Hocker f\u00fcr die Sch\u00fclerbibliothek CARL Liest<\/p>\n<p>Ihr Beitritt erm\u00f6glicht die Aktivit\u00e4ten der Zukunft! Von 2005-2010 war das CvO Teil des Projektes \u201eSelbstverantwortete Schule\/d.18\u2033 der Hamburger Bildungsbeh\u00f6rde aufgenommen. Das bedeutet, dass das CvO \u00fcber Budget, Personal und eigene p\u00e4dagogische Wege wesentlich selbstbestimmter entscheiden kann als das normalerweise an Hamburger Schulen \u00fcblich ist. Im Rahmen einer zukunftsf\u00e4higen Bildung sollen im Mittelpunkt dabei Bewegung\/Sport, Musik und der Einsatz neuer Technologien\/Medien stehen. Die Sch\u00fcler: innen werden nur dann optimal von dieser zukunftsweisenden Entwicklung profitieren, wenn ausreichend finanzielle Mittel f\u00fcr die Umsetzung in konkrete Ma\u00dfnahmen verf\u00fcgbar sind. Hier sieht der Schulverein einen Schwerpunkt seiner Arbeit.<\/p>\n<p>Erreichen k\u00f6nnen Sie uns:<\/p>\n<p>Schulverein des CvO<br \/>\nM\u00fcssenredder 59<br \/>\n22399 Hamburg<br \/>\ncvoschulverein@yahoo.de<br \/>\nhttps:\/\/www.cvo-schulverein.de<\/p>\n<p>Konto des Schulvereins des CvO:<br \/>\nIBAN: DE44200505501299130037<br \/>\nBLZ: 200 505 50<br \/>\nKonto-Nr.: 1299130037<\/p>\n<p>Hier finden Sie die Einladung Schulvereins zur Jahreshauptversammlung am 14.10.2025: <a href=\"https:\/\/cvo.hamburg.de\/wp-content\/uploads\/sites\/31\/2025\/09\/TOP-Jahreshauptversammlung-2025.pdf\">TOP Jahreshauptversammlung 2025<\/a><\/p>\n","protected":false},"excerpt":{"rendered":"<p>Mitglieder des Schulvereins sind Eltern von Sch\u00fcler: innen, Lehrer: innen sowie Freunde der Schule, die die Lern- und Arbeitsbedingungen am Carl-von-Ossietzky-Gymnasium f\u00f6rdern wollen. Viele Eltern wissen, dass ihre Kinder von den Aktivit\u00e4ten des Schulvereins&#46;&#46;&#46;<\/p>\n","protected":false},"author":44,"featured_media":0,"parent":0,"menu_order":0,"comment_status":"closed","ping_status":"closed","template":"","meta":{"_acf_changed":false,"footnotes":""},"class_list":["post-406","page","type-page","status-publish","hentry"],"acf":[],"_links":{"self":[{"href":"https:\/\/cvo.hamburg.de\/index.php?rest_route=\/wp\/v2\/pages\/406","targetHints":{"allow":["GET"]}}],"collection":[{"href":"https:\/\/cvo.hamburg.de\/index.php?rest_route=\/wp\/v2\/pages"}],"about":[{"href":"https:\/\/cvo.hamburg.de\/index.php?rest_route=\/wp\/v2\/types\/page"}],"author":[{"embeddable":true,"href":"https:\/\/cvo.hamburg.de\/index.php?rest_route=\/wp\/v2\/users\/44"}],"replies":[{"embeddable":true,"href":"https:\/\/cvo.hamburg.de\/index.php?rest_route=%2Fwp%2Fv2%2Fcomments&post=406"}],"version-history":[{"count":6,"href":"https:\/\/cvo.hamburg.de\/index.php?rest_route=\/wp\/v2\/pages\/406\/revisions"}],"predecessor-version":[{"id":10514,"href":"https:\/\/cvo.hamburg.de\/index.php?rest_route=\/wp\/v2\/pages\/406\/revisions\/10514"}],"wp:attachment":[{"href":"https:\/\/cvo.hamburg.de\/index.php?rest_route=%2Fwp%2Fv2%2Fmedia&parent=406"}],"curies":[{"name":"wp","href":"https:\/\/api.w.org\/{rel}","templated":true}]}}