{"id":2660,"date":"2017-03-20T11:33:38","date_gmt":"2017-03-20T10:33:38","guid":{"rendered":"http:\/\/cvo.hamburg.de\/?page_id=2660"},"modified":"2024-08-26T09:14:38","modified_gmt":"2024-08-26T07:14:38","slug":"zeugnisse-prognosen-versetzung-wiederholung","status":"publish","type":"page","link":"https:\/\/cvo.hamburg.de\/?page_id=2660","title":{"rendered":"Zeugnisse, Prognosen, Versetzung"},"content":{"rendered":"<p><strong>Zeugnisse<\/strong><br \/>\nIn Jahrgang 9 und 10 werden in beiden Halbjahren Zeugnisse erteilt, in Jahrgang 8 nur am Jahresende. Dort wird das Halbjahreszeugnis durch ein Lernentwicklungsgespr\u00e4ch ersetzt, dem eine Noten\u00fcbersicht beigef\u00fcgt wird.<\/p>\n<p><strong>Prognose<\/strong><br \/>\nDie Sch\u00fcler*innen erhalten zum Ende der Klasse 8, in beiden Zeugnissen der Klasse 9 und zum Halbjahr in Klasse 10 eine Prognose \u00fcber den voraussichtlich erreichbaren Schulabschluss. Sollte die Prognose im Halbjahreszeugnis der Klasse 10 MSA lauten, m\u00fcssen sie an einer gesonderten Abschlusspr\u00fcfung zum MSA teilnehmen.<\/p>\n<p><strong>Versetzung\u2028<\/strong><br \/>\nF\u00fcr ein versetzungsf\u00e4higes Zeugnis Ende Klasse 10 gelten folgende Notenh\u00fcrden:<br \/>\n&gt; Max. zweimal die Note 5 kann durch zweimal die Note 2 oder viermal die Note 3 ausgeglichen werden.<br \/>\n&gt; Zweimal die Note 5 in Deutsch, Mathematik oder Englisch kann nicht ausgeglichen werden.<br \/>\n&gt; Einmal die Note 6 (Leistungs 6) kann durch einmal die Note 1 oder zweimal die Note 2 ausgeglichen werden.<br \/>\n&gt; Die Note 6 wegen Nichtbewertbarkeit (Leistungsverweigerung \/ Schw\u00e4nzen)&nbsp;kann nicht&nbsp;&nbsp;ausgeglichen werden und hat zur Folge, dass kein Schulabschluss erteilt werden kann.<\/p>\n<p>&nbsp;<\/p>\n","protected":false},"excerpt":{"rendered":"<p>Zeugnisse In Jahrgang 9 und 10 werden in beiden Halbjahren Zeugnisse erteilt, in Jahrgang 8 nur am Jahresende. Dort wird das Halbjahreszeugnis durch ein Lernentwicklungsgespr\u00e4ch ersetzt, dem eine Noten\u00fcbersicht beigef\u00fcgt wird. Prognose Die Sch\u00fcler*innen&#46;&#46;&#46;<\/p>\n","protected":false},"author":728,"featured_media":0,"parent":0,"menu_order":0,"comment_status":"closed","ping_status":"closed","template":"","meta":{"_acf_changed":false,"footnotes":""},"class_list":["post-2660","page","type-page","status-publish","hentry"],"acf":[],"_links":{"self":[{"href":"https:\/\/cvo.hamburg.de\/index.php?rest_route=\/wp\/v2\/pages\/2660","targetHints":{"allow":["GET"]}}],"collection":[{"href":"https:\/\/cvo.hamburg.de\/index.php?rest_route=\/wp\/v2\/pages"}],"about":[{"href":"https:\/\/cvo.hamburg.de\/index.php?rest_route=\/wp\/v2\/types\/page"}],"author":[{"embeddable":true,"href":"https:\/\/cvo.hamburg.de\/index.php?rest_route=\/wp\/v2\/users\/728"}],"replies":[{"embeddable":true,"href":"https:\/\/cvo.hamburg.de\/index.php?rest_route=%2Fwp%2Fv2%2Fcomments&post=2660"}],"version-history":[{"count":6,"href":"https:\/\/cvo.hamburg.de\/index.php?rest_route=\/wp\/v2\/pages\/2660\/revisions"}],"predecessor-version":[{"id":9456,"href":"https:\/\/cvo.hamburg.de\/index.php?rest_route=\/wp\/v2\/pages\/2660\/revisions\/9456"}],"wp:attachment":[{"href":"https:\/\/cvo.hamburg.de\/index.php?rest_route=%2Fwp%2Fv2%2Fmedia&parent=2660"}],"curies":[{"name":"wp","href":"https:\/\/api.w.org\/{rel}","templated":true}]}}