{"id":2645,"date":"2017-03-20T10:20:01","date_gmt":"2017-03-20T09:20:01","guid":{"rendered":"http:\/\/cvo.hamburg.de\/?page_id=2645"},"modified":"2023-06-01T12:18:12","modified_gmt":"2023-06-01T10:18:12","slug":"wahlangebote-der-mittelstufe-im-ueberblick","status":"publish","type":"page","link":"https:\/\/cvo.hamburg.de\/?page_id=2645","title":{"rendered":"Wahlangebote der Mittelstufe"},"content":{"rendered":"<h6>Vertiefungs- und Forscherkurse<\/h6>\n<ul>\n<li>1 Langstunde von Klasse 7 bis 9<\/li>\n<li>Wahl zwischen verschiedenen Kursen, die einem Fach zugeordnet sind<\/li>\n<li>Im Zeitrahmen dieser Kurse kann eine dreist\u00fcndige Fremdsprache ab Jahrgang 8 gew\u00e4hlt werden<\/li>\n<\/ul>\n<h6>Wahlpflichtbereich I (Religion \/ Philosophie)<\/h6>\n<ul>\n<li>1 Langstunde von Klasse 8 bis 10<\/li>\n<li>Ein Halbjahr in Klasse 8, in Klasse 9 und 10 jeweils Ganzjahre<\/li>\n<\/ul>\n<h6>Wahlpflichtbereich II (Musik \/ Bildende Kunst)<\/h6>\n<ul>\n<li>1 Langstunde in Klasse 9 und 10<\/li>\n<li>Ein Halbjahr in Klasse 9, in Klasse 10 ein Ganzjahr<\/li>\n<\/ul>\n<h6>Wahlpflichtbereich III (\u00fcberwiegend jahrgangs\u00fcbergreifend)<\/h6>\n<ul>\n<li>1 Langstunde von Klasse 8 bis 10<\/li>\n<li>Wahl zwischen:\n<ul>\n<li>Amnesty International, G\u00e4rtnern am CvO, Geld und Leben, Informatik, Klimakurs, K\u00fcnstlerische Werkst\u00e4tten, &nbsp;Sch\u00fclerfirma McCarly, Sch\u00fclerzeitung OSSCAR, Schulpartnerschaft, Theater<\/li>\n<li>&nbsp;Musikpraktische Kurse: Brass &amp; Wind, Orchester, Pop-Chor,&nbsp;Rock-Pop-Workshop<\/li>\n<li>Leistungsf\u00f6rderung Sport: Handball, Hockey<\/li>\n<\/ul>\n<\/li>\n<\/ul>\n<p>Die Brosch\u00fcre zum Wahlpflichtbereich III finden Sie <a href=\"https:\/\/cvo.hamburg.de\/wp-content\/uploads\/sites\/31\/2021\/11\/broschuere_curriculum_wp3_inhalt_2021.pdf\">hier<\/a>.<\/p>\n<p>&nbsp;<\/p>\n<p>&nbsp;<\/p>\n","protected":false},"excerpt":{"rendered":"<p>Vertiefungs- und Forscherkurse 1 Langstunde von Klasse 7 bis 9 Wahl zwischen verschiedenen Kursen, die einem Fach zugeordnet sind Im Zeitrahmen dieser Kurse kann eine dreist\u00fcndige Fremdsprache ab Jahrgang 8 gew\u00e4hlt werden Wahlpflichtbereich I&#46;&#46;&#46;<\/p>\n","protected":false},"author":728,"featured_media":0,"parent":0,"menu_order":0,"comment_status":"closed","ping_status":"closed","template":"","meta":{"_acf_changed":false,"footnotes":""},"class_list":["post-2645","page","type-page","status-publish","hentry"],"acf":[],"_links":{"self":[{"href":"https:\/\/cvo.hamburg.de\/index.php?rest_route=\/wp\/v2\/pages\/2645","targetHints":{"allow":["GET"]}}],"collection":[{"href":"https:\/\/cvo.hamburg.de\/index.php?rest_route=\/wp\/v2\/pages"}],"about":[{"href":"https:\/\/cvo.hamburg.de\/index.php?rest_route=\/wp\/v2\/types\/page"}],"author":[{"embeddable":true,"href":"https:\/\/cvo.hamburg.de\/index.php?rest_route=\/wp\/v2\/users\/728"}],"replies":[{"embeddable":true,"href":"https:\/\/cvo.hamburg.de\/index.php?rest_route=%2Fwp%2Fv2%2Fcomments&post=2645"}],"version-history":[{"count":7,"href":"https:\/\/cvo.hamburg.de\/index.php?rest_route=\/wp\/v2\/pages\/2645\/revisions"}],"predecessor-version":[{"id":8317,"href":"https:\/\/cvo.hamburg.de\/index.php?rest_route=\/wp\/v2\/pages\/2645\/revisions\/8317"}],"wp:attachment":[{"href":"https:\/\/cvo.hamburg.de\/index.php?rest_route=%2Fwp%2Fv2%2Fmedia&parent=2645"}],"curies":[{"name":"wp","href":"https:\/\/api.w.org\/{rel}","templated":true}]}}