{"id":256,"date":"2014-05-31T16:41:36","date_gmt":"2014-05-31T14:41:36","guid":{"rendered":"https:\/\/carlvossietzky.dev-schulhomepages.hamburg.de\/?page_id=256"},"modified":"2017-10-13T09:28:21","modified_gmt":"2017-10-13T07:28:21","slug":"suchtpraevention-fit-und-stark","status":"publish","type":"page","link":"https:\/\/cvo.hamburg.de\/?page_id=256","title":{"rendered":"Suchtpr\u00e4vention"},"content":{"rendered":"<p>Unsere Kinder erleben jeden Tag in ihrem sozialen Umfeld Situationen, f\u00fcr die sie bestimmte F\u00e4higkeiten im Umgang mit sich selbst und mit anderen brauchen. Diese Lebenskompetenzen zu f\u00f6rdern ist das Ziel des Unterrichtsprogramms \u201eFit und stark f\u00fcrs Leben\u201c (Klett-Verlag), das seit vielen Jahren an unserer Schule in den Klassen 5 und 6 von den Klassenlehrkr\u00e4ften durchgef\u00fchrt wird. Geschult werden darin Selbstwahrnehmung, Einf\u00fchlungsverm\u00f6gen und Kommunikation, die M\u00f6glichkeiten mit Stress, unangenehmen Gef\u00fchlen und pers\u00f6nlichen Problemen umzugehen, Standfestigkeit und kritisches Denken. Forschungsergebnisse zeigen, dass durch die F\u00f6rderung dieser F\u00e4higkeiten die Bereitschaft zu gewaltt\u00e4tigem Verhalten sinkt und suchtriskante Verhaltensweisen und Drogenkonsum (Zigaretten, Alkohol, Marihuana) verz\u00f6gert oder verhindert werden k\u00f6nnen. Die Klassen werden sozial vertr\u00e4glicher und die steigende Selbstverantwortung und Teamf\u00e4higkeit beeinflussen offene und kooperative Lernformen positiv.<\/p>\n","protected":false},"excerpt":{"rendered":"<p>Unsere Kinder erleben jeden Tag in ihrem sozialen Umfeld Situationen, f\u00fcr die sie bestimmte F\u00e4higkeiten im Umgang mit sich selbst und mit anderen brauchen. Diese Lebenskompetenzen zu f\u00f6rdern ist das Ziel des Unterrichtsprogramms \u201eFit&#46;&#46;&#46;<\/p>\n","protected":false},"author":44,"featured_media":0,"parent":0,"menu_order":0,"comment_status":"closed","ping_status":"closed","template":"","meta":{"_acf_changed":false,"footnotes":""},"class_list":["post-256","page","type-page","status-publish","hentry"],"acf":[],"_links":{"self":[{"href":"https:\/\/cvo.hamburg.de\/index.php?rest_route=\/wp\/v2\/pages\/256","targetHints":{"allow":["GET"]}}],"collection":[{"href":"https:\/\/cvo.hamburg.de\/index.php?rest_route=\/wp\/v2\/pages"}],"about":[{"href":"https:\/\/cvo.hamburg.de\/index.php?rest_route=\/wp\/v2\/types\/page"}],"author":[{"embeddable":true,"href":"https:\/\/cvo.hamburg.de\/index.php?rest_route=\/wp\/v2\/users\/44"}],"replies":[{"embeddable":true,"href":"https:\/\/cvo.hamburg.de\/index.php?rest_route=%2Fwp%2Fv2%2Fcomments&post=256"}],"version-history":[{"count":0,"href":"https:\/\/cvo.hamburg.de\/index.php?rest_route=\/wp\/v2\/pages\/256\/revisions"}],"wp:attachment":[{"href":"https:\/\/cvo.hamburg.de\/index.php?rest_route=%2Fwp%2Fv2%2Fmedia&parent=256"}],"curies":[{"name":"wp","href":"https:\/\/api.w.org\/{rel}","templated":true}]}}