{"id":2351,"date":"2016-11-19T18:04:10","date_gmt":"2016-11-19T16:04:10","guid":{"rendered":"http:\/\/cvo.hamburg.de\/?page_id=2351"},"modified":"2022-11-25T11:03:56","modified_gmt":"2022-11-25T10:03:56","slug":"mint-freundliche-schule","status":"publish","type":"page","link":"https:\/\/cvo.hamburg.de\/?page_id=2351","title":{"rendered":"MINT &#8211; freundliche Schule"},"content":{"rendered":"<p><a href=\"https:\/\/cvo.hamburg.de\/wp-content\/uploads\/sites\/31\/2018\/02\/SAB4141.jpg\" data-rel=\"lightbox\" data-rl_title=\"\" data-rl_caption=\"\" title=\"\"><img loading=\"lazy\" decoding=\"async\" class=\"wp-image-3121 size-large alignleft\" src=\"https:\/\/cvo.hamburg.de\/wp-content\/uploads\/sites\/31\/2018\/02\/SAB4141-e1518002984408-1024x594.jpg\" alt=\"\" width=\"474\" height=\"275\" srcset=\"https:\/\/cvo.hamburg.de\/wp-content\/uploads\/sites\/31\/2018\/02\/SAB4141-e1518002984408-1024x594.jpg 1024w, https:\/\/cvo.hamburg.de\/wp-content\/uploads\/sites\/31\/2018\/02\/SAB4141-e1518002984408-300x174.jpg 300w, https:\/\/cvo.hamburg.de\/wp-content\/uploads\/sites\/31\/2018\/02\/SAB4141-e1518002984408-768x445.jpg 768w, https:\/\/cvo.hamburg.de\/wp-content\/uploads\/sites\/31\/2018\/02\/SAB4141-e1518002984408.jpg 1383w\" sizes=\"auto, (max-width: 474px) 100vw, 474px\" \/><\/a><\/p>\n<p>Das CvO darf sich seit 2016 \u00bbMINT-freundliche Schule\u00ab nennen. Grundlage der Ehrung ist die Erf\u00fcllung eines strengen Kriterienkatalogs, aus dem hervorgeht, wie die Schule die MINT-F\u00e4cher (Mathematik, Informatik, Naturwissenschaften, Technik) f\u00f6rdert und in diesem Bereich bewusst Schwerpunkte setzt. Hier konnte das CvO besonders durch die Forscherkurse punkten, die an naturwissenschaftliche Forschung heranf\u00fchren, und durch das Profilangebot, das zwei naturwissenschaftlich gepr\u00e4gte Profile bietet. Aber auch andere Projekte und Kooperationen, wie \u201eRobotik\u201c oder \u201eFormel 1 in der Schule\u201c zeichnen die gute \u201eMINT-Arbeit\u201c aus.<\/p>\n<p>Bundesweite Partner der Initiative \u00bbMINT Zukunft schaffen\u00ab zeichnen in Abstimmung mit den Landesarbeitgebervereinigungen und den Bildungswerken der Wirtschaft diejenigen Schulen aus, die bewusst MINT-Schwerpunkte setzen. Die \u00bbMINT-freundlichen Schulen\u00ab werden f\u00fcr Sch\u00fclerinnen und Sch\u00fcler, Eltern, Unternehmen sowie die \u00d6ffentlichkeit durch diese Ehrung sichtbar und von der Wirtschaft sowie Fach- und Wissensverb\u00e4nden nicht nur anerkannt, sondern auch besonders unterst\u00fctzt. Die Ehrung der Schulen steht unter der Schirmherrschaft der Kultusministerkonferenz (KMK). Wir freuen uns auf die M\u00f6glichkeiten und Kooperationen, die diese Ehrung erm\u00f6glicht.<\/p>\n<p>Mehr Informationen zu der Initiative und den Besonderheiten der \u00bbMINT-freundlichen Schulen\u00ab gibt es unter www.mintzukunftschaffen.de<\/p>\n<p><a href=\"https:\/\/cvo.hamburg.de\/wp-content\/uploads\/sites\/31\/2015\/11\/NL26-CvO-MINT-freundliche-Schule.compressed.pdf\">Lesen Sie mehr dazu im anliegenden Bericht von Frau W\u00fclfken (Fachleiterin Biologie)<\/a><\/p>\n","protected":false},"excerpt":{"rendered":"<p>Das CvO darf sich seit 2016 \u00bbMINT-freundliche Schule\u00ab nennen. Grundlage der Ehrung ist die Erf\u00fcllung eines strengen Kriterienkatalogs, aus dem hervorgeht, wie die Schule die MINT-F\u00e4cher (Mathematik, Informatik, Naturwissenschaften, Technik) f\u00f6rdert und in diesem&#46;&#46;&#46;<\/p>\n","protected":false},"author":44,"featured_media":0,"parent":0,"menu_order":0,"comment_status":"closed","ping_status":"closed","template":"","meta":{"_acf_changed":false,"footnotes":""},"class_list":["post-2351","page","type-page","status-publish","hentry"],"acf":[],"_links":{"self":[{"href":"https:\/\/cvo.hamburg.de\/index.php?rest_route=\/wp\/v2\/pages\/2351","targetHints":{"allow":["GET"]}}],"collection":[{"href":"https:\/\/cvo.hamburg.de\/index.php?rest_route=\/wp\/v2\/pages"}],"about":[{"href":"https:\/\/cvo.hamburg.de\/index.php?rest_route=\/wp\/v2\/types\/page"}],"author":[{"embeddable":true,"href":"https:\/\/cvo.hamburg.de\/index.php?rest_route=\/wp\/v2\/users\/44"}],"replies":[{"embeddable":true,"href":"https:\/\/cvo.hamburg.de\/index.php?rest_route=%2Fwp%2Fv2%2Fcomments&post=2351"}],"version-history":[{"count":2,"href":"https:\/\/cvo.hamburg.de\/index.php?rest_route=\/wp\/v2\/pages\/2351\/revisions"}],"predecessor-version":[{"id":7835,"href":"https:\/\/cvo.hamburg.de\/index.php?rest_route=\/wp\/v2\/pages\/2351\/revisions\/7835"}],"wp:attachment":[{"href":"https:\/\/cvo.hamburg.de\/index.php?rest_route=%2Fwp%2Fv2%2Fmedia&parent=2351"}],"curies":[{"name":"wp","href":"https:\/\/api.w.org\/{rel}","templated":true}]}}