{"id":211,"date":"2014-05-31T16:21:09","date_gmt":"2014-05-31T14:21:09","guid":{"rendered":"https:\/\/carlvossietzky.dev-schulhomepages.hamburg.de\/?page_id=211"},"modified":"2017-05-09T09:49:31","modified_gmt":"2017-05-09T07:49:31","slug":"die-profiloberstufe-s-i-s-iv","status":"publish","type":"page","link":"https:\/\/cvo.hamburg.de\/?page_id=211","title":{"rendered":"Nach dem ABI &#8211; Studien- und Berufsorientierung"},"content":{"rendered":"<div class=\"csc-header csc-header-n1\">\n<p class=\"csc-firstHeader\">In der Oberstufe liegt der Fokus \u00a0\u2013 neben den\u00a0Angeboten zur\u00a0Berufs- und Studienorientierung\u00a0\u2013\u00a0auf der Pers\u00f6nlichkeitsentwicklung\u00a0. Die Auseinandersetzung mit eigenen St\u00e4rken, Zielen und Werten steht dabei im Mittelpunkt und wird durch au\u00dferschulische Partner unterst\u00fctzt. Weitere Informationen finden Sie <a href=\"https:\/\/cvo.hamburg.de\/?page_id=2702\">hier<\/a>.<\/p>\n<p class=\"csc-firstHeader\"><strong>Stipendienangebote f\u00fcr das Studium<br \/>\n<\/strong>Das Portal <a class=\"external-link-new-window\" title=\"Opens external link in new window\" href=\"http:\/\/www.mystipendium.de\/\" target=\"_blank\" rel=\"noopener noreferrer\">www.mystipendium.de<\/a> will allen Sch\u00fclerinnen und Sch\u00fclern kostenlos bei der Suche nach einer F\u00f6rderung f\u00fcr das Wunschstudium helfen. Erstmalig in Deutschland werden mithilfe eines Matching-Verfahrens aus einer Datenbank mit \u00fcber 2100 F\u00f6rdereintr\u00e4gen jedem Nutzer nur jene Stipendien und Auslandsstipendien angezeigt, die auf den eigenen Lebenslauf passen. Bei vielen Stipendien ist die Bewerbung bereits vor Antritt des Studiums m\u00f6glich. Das Portal umfasst eine gro\u00dfe Bandbreite an F\u00f6rderm\u00f6glichkeiten, die von der Finanzierung der Lebensunterhaltskosten, \u00fcber eine finanzielle Unterst\u00fctzung von Auslandsaufenthalten bis hin zu Beihilfen f\u00fcr Studiengeb\u00fchren reichen. Dar\u00fcber hinaus liefert die Plattform zahlreiche Artikel zum Thema Stipendienbewerbung sowie Vorlagen f\u00fcr die eigene Stipendienbewerbung.<\/p>\n<\/div>\n","protected":false},"excerpt":{"rendered":"<p>In der Oberstufe liegt der Fokus \u00a0\u2013 neben den\u00a0Angeboten zur\u00a0Berufs- und Studienorientierung\u00a0\u2013\u00a0auf der Pers\u00f6nlichkeitsentwicklung\u00a0. Die Auseinandersetzung mit eigenen St\u00e4rken, Zielen und Werten steht dabei im Mittelpunkt und wird durch au\u00dferschulische Partner unterst\u00fctzt. Weitere Informationen&#46;&#46;&#46;<\/p>\n","protected":false},"author":44,"featured_media":0,"parent":0,"menu_order":0,"comment_status":"closed","ping_status":"closed","template":"","meta":{"_acf_changed":false,"footnotes":""},"class_list":["post-211","page","type-page","status-publish","hentry"],"acf":[],"_links":{"self":[{"href":"https:\/\/cvo.hamburg.de\/index.php?rest_route=\/wp\/v2\/pages\/211","targetHints":{"allow":["GET"]}}],"collection":[{"href":"https:\/\/cvo.hamburg.de\/index.php?rest_route=\/wp\/v2\/pages"}],"about":[{"href":"https:\/\/cvo.hamburg.de\/index.php?rest_route=\/wp\/v2\/types\/page"}],"author":[{"embeddable":true,"href":"https:\/\/cvo.hamburg.de\/index.php?rest_route=\/wp\/v2\/users\/44"}],"replies":[{"embeddable":true,"href":"https:\/\/cvo.hamburg.de\/index.php?rest_route=%2Fwp%2Fv2%2Fcomments&post=211"}],"version-history":[{"count":1,"href":"https:\/\/cvo.hamburg.de\/index.php?rest_route=\/wp\/v2\/pages\/211\/revisions"}],"predecessor-version":[{"id":2737,"href":"https:\/\/cvo.hamburg.de\/index.php?rest_route=\/wp\/v2\/pages\/211\/revisions\/2737"}],"wp:attachment":[{"href":"https:\/\/cvo.hamburg.de\/index.php?rest_route=%2Fwp%2Fv2%2Fmedia&parent=211"}],"curies":[{"name":"wp","href":"https:\/\/api.w.org\/{rel}","templated":true}]}}