{"id":1895,"date":"2015-11-07T14:05:44","date_gmt":"2015-11-07T13:05:44","guid":{"rendered":"http:\/\/cvo.hamburg.de\/?page_id=1895"},"modified":"2024-03-07T10:57:01","modified_gmt":"2024-03-07T09:57:01","slug":"aktuelle-newsletter-zum-download","status":"publish","type":"page","link":"https:\/\/cvo.hamburg.de\/?page_id=1895","title":{"rendered":"Aktuelle Newsletter zum Download"},"content":{"rendered":"<h4><a href=\"https:\/\/cvo.hamburg.de\/wp-content\/uploads\/sites\/31\/2024\/03\/CvO-Newsletter-Ausgabe-11-202324.pdf\" target=\"_blank\" rel=\"noopener\">CvO Newsletter Ausgabe 11 &#8211; 2023\/24<\/a><\/h4>\n<p>Themen:<\/p>\n<ul>\n<li>Themenabend \u201eVielfalt \u2013 Toleranz \u2013 Demokratie\u201c made by \u201eCARL:A bleibt aktiv\u201c<\/li>\n<li>Carlstag Thema \u201eMentale Gesundheit\u201c \u2013 Es werden noch dringend Referent*innen\/Workshopanbieter*innen gesucht<\/li>\n<li>Konzert Rock-Pop-Workshops (RPW)<span class=\"Apple-converted-space\">&nbsp;<\/span><\/li>\n<\/ul>\n<p>&nbsp;<\/p>\n<h4><a href=\"https:\/\/cvo.hamburg.de\/wp-content\/uploads\/sites\/31\/2024\/03\/CvO-Newsletter-Ausgabe-10-20232024-.pdf\" target=\"_blank\" rel=\"noopener\">CvO-Newsletter Ausgabe 10 -2023\/2024<\/a><\/h4>\n<p>Themen:<\/p>\n<ul>\n<li>Ank\u00fcndigung: Theater und Musik am CvO<\/li>\n<li>Das Schulsprecherteam sagt \u201eDANKE\u201c<\/li>\n<li>Schulessen: Beh\u00f6rde und Caterer einigen sich auf neue Preisstruktur<\/li>\n<\/ul>\n<p>&nbsp;<\/p>\n<h4><a href=\"https:\/\/cvo.hamburg.de\/wp-content\/uploads\/sites\/31\/2024\/03\/CvO-Newsletter-Ausgabe-9-20232024-.pdf\" target=\"_blank\" rel=\"noopener\">CvO-Newsletter Ausgabe 9 &#8211; 2023\/2024<\/a><\/h4>\n<p>Themen:<\/p>\n<ul>\n<li>Wettbewerbsehrungen im Rathaus<\/li>\n<li>Emma und Clara mit renommiertem Bertini-Preis ausgezeichnet<\/li>\n<\/ul>\n<p>&nbsp;<\/p>\n<h4><a href=\"https:\/\/cvo.hamburg.de\/wp-content\/uploads\/sites\/31\/2024\/01\/CvO-Newsletter-Ausgabe-8-20232024-.pdf\" target=\"_blank\" rel=\"noopener\">CvO Newsletter Ausgabe 8 &#8211; 2023\/2024<\/a><\/h4>\n<p>Themen:<\/p>\n<ul>\n<li>Das Zehntel \u2013 Ein Klassiker<\/li>\n<li>Backaktion gegen soziale K\u00e4lte \u2013 Unterst\u00fctzung f\u00fcr die Tafel<\/li>\n<li>Tag der offenen T\u00fcr<\/li>\n<\/ul>\n<p>&nbsp;<\/p>\n<h4><a href=\"https:\/\/cvo.hamburg.de\/wp-content\/uploads\/sites\/31\/2024\/01\/CvO-Newsletter-Nr.-7-20232024-.pdf\" target=\"_blank\" rel=\"noopener\">CvO-Newsletter Nr. 7 &#8211; 2023\/2024<\/a><\/h4>\n<p>Themen:<\/p>\n<ul>\n<li>Impro-Theater<\/li>\n<li>Nachbericht Weihnachtskonzert +&nbsp;Rock-Pop-Workshop-Konzert<span class=\"Apple-converted-space\">&nbsp;<\/span><\/li>\n<li>Neuigkeiten aus dem Carl liest<\/li>\n<li>Projekt Demokratisch Handeln-Kurs<\/li>\n<\/ul>\n<p>&nbsp;<\/p>\n<h4><a href=\"https:\/\/cvo.hamburg.de\/wp-content\/uploads\/sites\/31\/2024\/01\/CvO-Newsletter-Nr.-6-20232024.pdf\" target=\"_blank\" rel=\"noopener\">CvO-Newsletter Ausgabe 6 &#8211; 2023\/2024<\/a><\/h4>\n<p>Themen:<\/p>\n<ul>\n<li>Carl liest f\u00fcr Deutschen Lesepreis 2024 nominiert<\/li>\n<li>Berufsinfotag<\/li>\n<li>Vorlesewettbewerb der sechsten Klassen<\/li>\n<li>(Lese)-Abend im \u201eCarl liest\u201c<\/li>\n<li>Spendenaufruf f\u00fcr Carl:a<\/li>\n<li>Rock-Pop-Workshop-Konzert<span class=\"Apple-converted-space\">&nbsp;<\/span><\/li>\n<\/ul>\n<p>&nbsp;<\/p>\n<h4><a href=\"https:\/\/cvo.hamburg.de\/wp-content\/uploads\/sites\/31\/2024\/01\/CvO-Newsletter-Nr.-5-20232024-.pdf\" target=\"_blank\" rel=\"noopener\">CvO-Newsletter Nr. 5 &#8211; 2023\/2024<\/a><\/h4>\n<p>Themen:<\/p>\n<ul>\n<li>Sch\u00fclerratsreise<\/li>\n<li>Adventskalender<\/li>\n<li>Weihnachtskonzert<\/li>\n<\/ul>\n<p>&nbsp;<\/p>\n<h4><a href=\"https:\/\/cvo.hamburg.de\/wp-content\/uploads\/sites\/31\/2023\/11\/CvO-Newsletter-Ausgabe-4-202324.pdf\" target=\"_blank\" rel=\"noopener\">CvO Newsletter Ausgabe 4 &#8211; 2023\/24<\/a><\/h4>\n<p>Themen:<\/p>\n<ul>\n<li>Mc Carly \u2013 gro\u00dfe Rabattaktion auf Schulkleidung<\/li>\n<li>Demokratisch Handeln \u2013 2 Aktionen im November,<\/li>\n<li>Englandaustausch \u2013 ein Bericht<\/li>\n<li>Gesucht: Gastfamilien f\u00fcr Natalia aus Kolumbien<\/li>\n<\/ul>\n<h4>&nbsp;<\/h4>\n<h4><a href=\"https:\/\/cvo.hamburg.de\/wp-content\/uploads\/sites\/31\/2023\/10\/CvO-Newsletter-32023-24.pdf\" target=\"_blank\" rel=\"noopener\">CvO Newsletter Ausgabe 3 -2023\/24<\/a><\/h4>\n<p>Themen:<\/p>\n<ul>\n<li>Carl:a<\/li>\n<li>Neuer Elternrat<\/li>\n<li>13. Alstertaler-Open am CvO<\/li>\n<li>Jahreshauptversammlung des Schulvereins<\/li>\n<\/ul>\n<p><a href=\"https:\/\/cvo.hamburg.de\/wp-content\/uploads\/sites\/31\/2023\/10\/Einladung-Jahreshauptversammlung-Schulverein.pdf\">Einladung Jahreshauptversammlung Schulverein<\/a><\/p>\n<p>&nbsp;<\/p>\n<h4><a href=\"https:\/\/cvo.hamburg.de\/wp-content\/uploads\/sites\/31\/2023\/10\/CvO-Newsletter-Ausgabe-1-202324.pdf\" target=\"_blank\" rel=\"noopener\">CvO Newsletter Ausgabe 1 -2023\/24<\/a><\/h4>\n<p>Themen:<\/p>\n<ul>\n<li>Herzlich Willkommen am CvO<\/li>\n<li>Fundsachen<\/li>\n<li>Stadtradeln<\/li>\n<\/ul>\n<p>&nbsp;<\/p>\n<h4><a href=\"https:\/\/cvo.hamburg.de\/wp-content\/uploads\/sites\/31\/2023\/04\/CvO-Newsletter-Ausgabe-12-202223.pdf\" target=\"_blank\" rel=\"noopener\">CvO Newsletter Ausgabe 12 &#8211; 2022\/23<\/a><\/h4>\n<p>Themen:<\/p>\n<ul>\n<li>Ausstellung \u201eGegen das Vergessen\u201c<\/li>\n<li>Deutsche Schule Barranquilla (Kolumbien) sucht Gastfamilien<\/li>\n<\/ul>\n<h4>&nbsp;<\/h4>\n<h4><a href=\"https:\/\/cvo.hamburg.de\/wp-content\/uploads\/sites\/31\/2023\/04\/CvO-Newsletter-Ausgabe-11-202223.pdf\" target=\"_blank\" rel=\"noopener\">CvO Newsletter Ausgabe 11 &#8211; 2022\/23<\/a><\/h4>\n<p>Themen:<\/p>\n<ul>\n<li>Theater am CvO \u2013 die S4-Theaterkurse zeigen ihre St\u00fccke\u2026<\/li>\n<li>Alle Teilnehmenden bestehen Cambridge Advanced &#8211; Pr\u00fcfung<\/li>\n<li>Siebtkl\u00e4sslerInnen spenden f\u00fcr Erdbebenopfer<\/li>\n<\/ul>\n<p>&nbsp;<\/p>\n<h4><a href=\"https:\/\/cvo.hamburg.de\/wp-content\/uploads\/sites\/31\/2023\/04\/CvO-Newsletter-Ausgabe-10-202223.pdf\" target=\"_blank\" rel=\"noopener\">CvO Newsletter Ausgabe 10 &#8211; 2022\/23<\/a><\/h4>\n<p>Themen:<\/p>\n<ul>\n<li>Sch\u00fcler*innen demonstrierten gegen Rechts<\/li>\n<li>Nachlese aus dem Kurs Demokratisch Handeln mit sozialer Relevanz auch nach Weihnachten<\/li>\n<li>CvO-Tischtennis: Schulmeisterschaft WK2<\/li>\n<li>Themenabend \u201eMentale Gesundheit\u201c<\/li>\n<li>Das France Mobil zu Besuch am CvO<\/li>\n<li>Aktion Briefmarkenspende Bethel<\/li>\n<li>Caterer\/Essenspreis<\/li>\n<\/ul>\n<p>&nbsp;<\/p>\n<h4><a href=\"https:\/\/cvo.hamburg.de\/wp-content\/uploads\/sites\/31\/2022\/12\/Ohne-TitelNewsletter-7_2022_23.pdf\" target=\"_blank\" rel=\"noopener\">CvO Newsletter Ausgabe 7 &#8211; 2022\/23<\/a><\/h4>\n<p>Themen:<\/p>\n<ul>\n<li>Iran<\/li>\n<li>Rock-Pop-Workshop-Konzert unter dem Motto \u201eIch bin Carl!\u201c<\/li>\n<li>Weihnachtsmarkt<\/li>\n<\/ul>\n<p>&nbsp;<\/p>\n<h4><a href=\"https:\/\/cvo.hamburg.de\/wp-content\/uploads\/sites\/31\/2022\/11\/CvO-Newsletter-Ausgabe-5-202223.pdf\" target=\"_blank\" rel=\"noopener\">CvO Newsletter Ausgabe 5 &#8211; 2022\/23<\/a><\/h4>\n<p>Themen:<\/p>\n<ul>\n<li>12. Alstertaler Jugendschnellschachturnier am CvO<\/li>\n<li>Feuerwehreinsatz und Karaokeparty auf der Musikfahrt<\/li>\n<li>Ein Wunsch ist in Erf\u00fcllung gegangen\u2026<\/li>\n<li>Bitte Nr 1: Unsere B\u00fccherei \u201eCarl liest\u201c braucht Regale<\/li>\n<li>Bitte Nr 2 : Alte Handt\u00fccher f\u00fcr unsere K\u00fcnstler*innen<\/li>\n<li>&nbsp;<\/li>\n<\/ul>\n<h4><a href=\"https:\/\/cvo.hamburg.de\/wp-content\/uploads\/sites\/31\/2022\/11\/CvO-Newsletter-Ausgabe-4-20222023.pdf\" target=\"_blank\" rel=\"noopener\">CvO Newsletter Ausgabe 4 &#8211; 2022\/2023<\/a><\/h4>\n<p>Themen:<\/p>\n<ul>\n<li>Erste Reaktionen auf den Vorfall vom vorletzten Wochenende<\/li>\n<li>Hamburger Staffelmeisterschaft<\/li>\n<li>Das ist der neue Elternrat des CvO<\/li>\n<li>CISV (Deutsche Gesellschaft f\u00fcr Internationale Kinder- und Jugendbegegnungen e.V.) Feriencamps 2023<\/li>\n<\/ul>\n<p>&nbsp;<\/p>\n<h4><a href=\"https:\/\/cvo.hamburg.de\/wp-content\/uploads\/sites\/31\/2022\/11\/cvo-newsletter-ausgabe-nr.-3.pdf\" target=\"_blank\" rel=\"noopener\">CvO Newsletter Ausgabe 3-2022\/23<\/a><\/h4>\n<ul>\n<li>Musical-Kids des CvO \u00fcberzeugen bei Preisverleihung<\/li>\n<li>Road to Bad Blankenburg \u2013 CvO-Jungs im Bundesfinale des DFB-Schulcups<\/li>\n<li>Ulongoni Secondary School in Tansania<\/li>\n<li>OFFENE SCHACH AG \u2013 jeden Dienstag in der Mittagspause (3c) in \u201eCarl liest\u201c<\/li>\n<li>Carls Buchklub<\/li>\n<li>Schach Turnier<\/li>\n<li>Das CvO hat ein neues Schulsprecherteam<\/li>\n<\/ul>\n<h4>&nbsp;<\/h4>\n<h4><a href=\"https:\/\/cvo.hamburg.de\/wp-content\/uploads\/sites\/31\/2022\/09\/CvO-Newsletter-Ausgabe-1-20222023.pdf\" target=\"_blank\" rel=\"noopener\">CvO Newsletter Ausgabe 1-2022\/2023<\/a><\/h4>\n<p>Themen:<\/p>\n<ul>\n<li>Carlstag<\/li>\n<li>Abi 2022<\/li>\n<li>Neuer Jg. 5<\/li>\n<li>Schulpartnerschaft<\/li>\n<li>Rapido<\/li>\n<\/ul>\n<p>&nbsp;<\/p>\n<h4><a href=\"https:\/\/cvo.hamburg.de\/wp-content\/uploads\/sites\/31\/2022\/07\/CvO-Newsletter-Ausgabe-8-20212022.pdf\" target=\"_blank\" rel=\"noopener\">CvO Newsletter Ausgabe 8-2021\/2022<\/a><\/h4>\n<p>Themen:<\/p>\n<ul>\n<li>Festival der K\u00fcnste<\/li>\n<li>Dankesch\u00f6n<\/li>\n<li>Leo, Leo<\/li>\n<li>Bundeswettbewerb Fremdsprachen<\/li>\n<li>Jugend trainiert f\u00fcr Olympia \u2013 die CvO-Tischtennismannschaft in Berlin<\/li>\n<\/ul>\n<p>&nbsp;<\/p>\n<h4><a href=\"https:\/\/cvo.hamburg.de\/wp-content\/uploads\/sites\/31\/2022\/05\/CvO-Newsletter-Ausgabe-Nr.-7-20212022.pdf\" target=\"_blank\" rel=\"noopener\">CvO Newsletter Ausgabe 7-2021\/2022<\/a><\/h4>\n<p>Themen:<\/p>\n<ul>\n<li>Nachlese zum Benefizkonzert f\u00fcr Ukraine-Fl\u00fcchtlinge<\/li>\n<li>Handballer und Tischtennisspieler fahren zum Bundesfinale \u201eJugend trainiert f\u00fcr Olympia\u201c<\/li>\n<li>Partnerschule Tansania<\/li>\n<li>Hamburger Sch\u00fcler*innen Triathlon im Stadtpark<\/li>\n<li>\u201eUnd der Preis geht an\u2026\u201c \u2013 &nbsp;CvO vergibt Preis f\u00fcr Zivilcourage<\/li>\n<\/ul>\n<p>&nbsp;<\/p>\n<h4><strong><a href=\"https:\/\/cvo.hamburg.de\/wp-content\/uploads\/sites\/31\/2022\/04\/CvO-Newsletter-Ausgabe-6-2021-22.pdf\" target=\"_blank\" rel=\"noopener\">CvO Newsletter Ausgabe 6 &#8211; 2021\/22<\/a><\/strong><\/h4>\n<p>Themen:<\/p>\n<ul>\n<li>R\u00fcckblick: Benefizkonzert f\u00fcr Ukraine-Fl\u00fcchtlinge am CvO<\/li>\n<li>Hamburg hilft! Ukraine \u2013 eine Freiwilligen-Initiative aus der Nachbarschaft\u2026<\/li>\n<li>Ein Rhetorik-Seminar als besondere Vorbereitung f\u00fcr die M\u00fcndlichen Pr\u00fcfungen\u2026<\/li>\n<li>Motto-Woche 2022 \u2013 Es ist mal wieder so weit&#8230;<\/li>\n<li>Erster Philo-Slam am CvO geplant\u2026<\/li>\n<li>Sie spielte Cello \u2013 und das exzellent\u2026<\/li>\n<\/ul>\n<p>&nbsp;<\/p>\n<h4><a href=\"https:\/\/cvo.hamburg.de\/wp-content\/uploads\/sites\/31\/2022\/04\/CvO-Newsletter-Ausgabe-5-2021-22.pdf\">CvO Newsletter Ausgabe 5 &#8211; 2021\/22<\/a><\/h4>\n<p>Themen:<\/p>\n<ul>\n<li>Benefizkonzert f\u00fcr Ukraine-Fl\u00fcchtlinge<\/li>\n<li>H\u00f6her, schneller, weiter \u2013 Tests f\u00fcr neue CvO-Sportklasse<\/li>\n<li>Theater am CvO<\/li>\n<\/ul>\n<p>&nbsp;<\/p>\n<h4><a href=\"https:\/\/cvo.hamburg.de\/wp-content\/uploads\/sites\/31\/2021\/12\/CvO-Newsletter-Ausgabe-3.pdf\" target=\"_blank\" rel=\"noopener\">CvO Newsletter Ausgabe 3 &#8211; 2021\/2022<\/a><\/h4>\n<p>Themen:<\/p>\n<ul>\n<li>Weihnachtsaktionen am CvO<\/li>\n<li>Instrumentenvorspiel Jahrgang 6<\/li>\n<li>Schulsanit\u00e4ter*innen<\/li>\n<li>MINT-Tag am CvO<\/li>\n<li>Demokratisch Handeln \u2013 DKMS<\/li>\n<li>Demokratisch Handeln \u2013 Fahnenaktion zum Jahrestag \u201eGegen Gewalt an Frauen\u201c<\/li>\n<li>Demokratisch Handeln \u2013 Aktion zur Unterst\u00fctzung des Vereins \u201eAfghanistan-Schulen\u201c<\/li>\n<li>Demokratisch Handeln \u2013 Aktion \u201eEin Handy f\u00fcr den Gorilla\u201c<\/li>\n<\/ul>\n<p>&nbsp;<\/p>\n<h4><a href=\"https:\/\/cvo.hamburg.de\/wp-content\/uploads\/sites\/31\/2021\/11\/CvO-Newsletter-Ausgabe-2-2021.pdf\" target=\"_blank\" rel=\"noopener noreferrer\">CvO Newsletter Ausgabe 2 &#8211; 2021\/2022<\/a><\/h4>\n<p>Themen:<\/p>\n<ul>\n<li>Rapido &#8211; Lauf der 5-Kl\u00e4ssler in der Alsterdorfer Leichtathletikhalle<\/li>\n<li>Neue Schulpartnerschaft Deutschland &#8211; Tansania<\/li>\n<li>&nbsp;Medienscouts am CvO<\/li>\n<li>Aktion STADTRADELN \u2013 Radeln f\u00fcr ein gutes Klima<\/li>\n<li>Demokratisch Handeln \u2013 unser \u201eber\u00fchmter\u201c Wahlpflichtkurs meldet sich in K\u00fcrze mehrfach zur\u00fcck\u2026<\/li>\n<\/ul>\n<h4>&nbsp;<\/h4>\n<h4><a href=\"https:\/\/cvo.hamburg.de\/wp-content\/uploads\/sites\/31\/2021\/09\/cvo-newsletter-Ausgabe-1-20212022.pdf\" target=\"_blank\" rel=\"noopener noreferrer\">CvO Newsletter Ausgabe 1 &#8211; 2021\/2022<\/a><\/h4>\n<p>Themen:<\/p>\n<ul>\n<li>Das CvO sagt \u201eTSCH\u00dcSS\u201c Caroline Carl<\/li>\n<li>Elternvollversammlung (EVV)<\/li>\n<li>Mitstreiter*innen gesucht: Aktion STADTRADELN \u2013 jeder Kilomenter z\u00e4hlt<\/li>\n<li>Referent*innen gesucht f\u00fcr den Berufs- und Studienorientierungsnachmittag in Jahrgang 12<\/li>\n<li>Zahlungserinnerung \u201ePrimus e.V.\u201c<\/li>\n<\/ul>\n<p>&nbsp;<\/p>\n","protected":false},"excerpt":{"rendered":"<p>CvO Newsletter Ausgabe 11 &#8211; 2023\/24 Themen: Themenabend \u201eVielfalt \u2013 Toleranz \u2013 Demokratie\u201c made by \u201eCARL:A bleibt aktiv\u201c Carlstag Thema \u201eMentale Gesundheit\u201c \u2013 Es werden noch dringend Referent*innen\/Workshopanbieter*innen gesucht Konzert Rock-Pop-Workshops (RPW)&nbsp; &nbsp; CvO-Newsletter&#46;&#46;&#46;<\/p>\n","protected":false},"author":44,"featured_media":0,"parent":0,"menu_order":0,"comment_status":"closed","ping_status":"closed","template":"","meta":{"_acf_changed":false,"footnotes":""},"class_list":["post-1895","page","type-page","status-publish","hentry"],"acf":[],"_links":{"self":[{"href":"https:\/\/cvo.hamburg.de\/index.php?rest_route=\/wp\/v2\/pages\/1895","targetHints":{"allow":["GET"]}}],"collection":[{"href":"https:\/\/cvo.hamburg.de\/index.php?rest_route=\/wp\/v2\/pages"}],"about":[{"href":"https:\/\/cvo.hamburg.de\/index.php?rest_route=\/wp\/v2\/types\/page"}],"author":[{"embeddable":true,"href":"https:\/\/cvo.hamburg.de\/index.php?rest_route=\/wp\/v2\/users\/44"}],"replies":[{"embeddable":true,"href":"https:\/\/cvo.hamburg.de\/index.php?rest_route=%2Fwp%2Fv2%2Fcomments&post=1895"}],"version-history":[{"count":63,"href":"https:\/\/cvo.hamburg.de\/index.php?rest_route=\/wp\/v2\/pages\/1895\/revisions"}],"predecessor-version":[{"id":9088,"href":"https:\/\/cvo.hamburg.de\/index.php?rest_route=\/wp\/v2\/pages\/1895\/revisions\/9088"}],"wp:attachment":[{"href":"https:\/\/cvo.hamburg.de\/index.php?rest_route=%2Fwp%2Fv2%2Fmedia&parent=1895"}],"curies":[{"name":"wp","href":"https:\/\/api.w.org\/{rel}","templated":true}]}}