{"id":143,"date":"2014-05-05T14:16:53","date_gmt":"2014-05-05T12:16:53","guid":{"rendered":"https:\/\/carlvossietzky.dev-schulhomepages.hamburg.de\/?page_id=143"},"modified":"2024-09-18T09:43:39","modified_gmt":"2024-09-18T07:43:39","slug":"projektwochen","status":"publish","type":"page","link":"https:\/\/cvo.hamburg.de\/?page_id=143","title":{"rendered":"Projektwochen"},"content":{"rendered":"<p>Der Charakter der Projektwochen ver\u00e4ndert sich in der Mittelstufe von klassenbezogenen Fachprojekten hin zu klassen- und jahrgangs\u00fcbergreifenden Wahlprojekten einer bestimmten Ausrichtung. Steht in der Unterstufe noch das gezielte Arbeiten an einem Fachprojekt mit f\u00e4cher\u00fcbergreifenden Aspekten im Fokus, soll in der Mittelstufe &#8211; analog zu anderen Ans\u00e4tzen im Wahlpflichtbereich und Forscherkursen &#8211; die Wahlm\u00f6glichkeit der Sch\u00fcler erweitert werden. Hierbei folgt das Konzept den Schwerpunkten der Schulausrichtung, so dass die Wahlprojekte nicht der Beliebigkeit preisgegeben werden.<\/p>\n<p><span style=\"color: #dc9128\"><strong>Zeitrahmen<br \/>\n<\/strong><\/span>Lernen in Projekten findet zweimal im Schuljahr in der gesamten Schule statt:<\/p>\n<ul>\n<li>vor den Herbstferien (Suchtpr\u00e4vention&nbsp;Klasse 8, Wahlprojekte Klasse 9 und 10)<\/li>\n<li>vor den Sommerferien (Segelreise in Klasse 8, Fachprojekte in Klasse 9)<\/li>\n<\/ul>\n<p>Die Projektdauer betr\u00e4gt eine Schulwoche.<\/p>\n<p>Die Segelreise sowie die Suchtpr\u00e4vention in Klasse 8 finden im Klassenverband statt, die Wahlprojekte in Klasse 9 und 10 sind jahrgangs- und klassen\u00fcbergreifend. Im Zeitfenster der Projektwochen finden auch die Sprachreisen statt,&nbsp;um weitere Unterrichtsausf\u00e4lle zu vermeiden.&nbsp;Au\u00dferhalb der Projektzeiten findet in Klasse 10 jahreszeitlich bedingt im Januar eine freiwillige Skireise statt.<\/p>\n","protected":false},"excerpt":{"rendered":"<p>Der Charakter der Projektwochen ver\u00e4ndert sich in der Mittelstufe von klassenbezogenen Fachprojekten hin zu klassen- und jahrgangs\u00fcbergreifenden Wahlprojekten einer bestimmten Ausrichtung. Steht in der Unterstufe noch das gezielte Arbeiten an einem Fachprojekt mit f\u00e4cher\u00fcbergreifenden&#46;&#46;&#46;<\/p>\n","protected":false},"author":44,"featured_media":0,"parent":0,"menu_order":0,"comment_status":"closed","ping_status":"closed","template":"","meta":{"_acf_changed":false,"footnotes":""},"class_list":["post-143","page","type-page","status-publish","hentry"],"acf":[],"_links":{"self":[{"href":"https:\/\/cvo.hamburg.de\/index.php?rest_route=\/wp\/v2\/pages\/143","targetHints":{"allow":["GET"]}}],"collection":[{"href":"https:\/\/cvo.hamburg.de\/index.php?rest_route=\/wp\/v2\/pages"}],"about":[{"href":"https:\/\/cvo.hamburg.de\/index.php?rest_route=\/wp\/v2\/types\/page"}],"author":[{"embeddable":true,"href":"https:\/\/cvo.hamburg.de\/index.php?rest_route=\/wp\/v2\/users\/44"}],"replies":[{"embeddable":true,"href":"https:\/\/cvo.hamburg.de\/index.php?rest_route=%2Fwp%2Fv2%2Fcomments&post=143"}],"version-history":[{"count":4,"href":"https:\/\/cvo.hamburg.de\/index.php?rest_route=\/wp\/v2\/pages\/143\/revisions"}],"predecessor-version":[{"id":9592,"href":"https:\/\/cvo.hamburg.de\/index.php?rest_route=\/wp\/v2\/pages\/143\/revisions\/9592"}],"wp:attachment":[{"href":"https:\/\/cvo.hamburg.de\/index.php?rest_route=%2Fwp%2Fv2%2Fmedia&parent=143"}],"curies":[{"name":"wp","href":"https:\/\/api.w.org\/{rel}","templated":true}]}}

<p>Der Charakter der Projektwochen verändert sich in der Mittelstufe von klassenbezogenen Fachprojekten hin zu klassen- und jahrgangsübergreifenden Wahlprojekten einer bestimmten Ausrichtung. Steht in der Unterstufe noch das gezielte Arbeiten an einem Fachprojekt mit fächerübergreifenden Aspekten im Fokus, soll in der Mittelstufe &#8211; analog zu anderen Ansätzen im Wahlpflichtbereich und Forscherkursen &#8211; die Wahlmöglichkeit der Schüler erweitert werden. Hierbei folgt das Konzept den Schwerpunkten der Schulausrichtung, so dass die Wahlprojekte nicht der Beliebigkeit preisgegeben werden.</p>
<p><span style="color: #dc9128"><strong>Zeitrahmen<br />
</strong></span>Lernen in Projekten findet zweimal im Schuljahr in der gesamten Schule statt:</p>
<ul>
<li>vor den Herbstferien (Suchtprävention&nbsp;Klasse 8, Wahlprojekte Klasse 9 und 10)</li>
<li>vor den Sommerferien (Segelreise in Klasse 8, Fachprojekte in Klasse 9)</li>
</ul>
<p>Die Projektdauer beträgt eine Schulwoche.</p>
<p>Die Segelreise sowie die Suchtprävention in Klasse 8 finden im Klassenverband statt, die Wahlprojekte in Klasse 9 und 10 sind jahrgangs- und klassenübergreifend. Im Zeitfenster der Projektwochen finden auch die Sprachreisen statt,&nbsp;um weitere Unterrichtsausfälle zu vermeiden.&nbsp;Außerhalb der Projektzeiten findet in Klasse 10 jahreszeitlich bedingt im Januar eine freiwillige Skireise statt.</p>

<p>Der Charakter der Projektwochen verändert sich in der Mittelstufe von klassenbezogenen Fachprojekten hin zu klassen- und jahrgangsübergreifenden Wahlprojekten einer bestimmten Ausrichtung. Steht in der Unterstufe noch das gezielte Arbeiten an einem Fachprojekt mit fächerübergreifenden&#46;&#46;&#46;</p>
