{"id":127,"date":"2014-05-05T14:06:56","date_gmt":"2014-05-05T12:06:56","guid":{"rendered":"https:\/\/carlvossietzky.dev-schulhomepages.hamburg.de\/?page_id=127"},"modified":"2024-11-29T10:21:44","modified_gmt":"2024-11-29T09:21:44","slug":"wahl-der-2-fremdsprache-klasse-6","status":"publish","type":"page","link":"https:\/\/cvo.hamburg.de\/?page_id=127","title":{"rendered":"Wahl der 2. Fremdsprache"},"content":{"rendered":"<p>Ab der 6. Klasse lernen die Sch\u00fcler eine 2. Fremdsprache. Am CvO k\u00f6nnen die Sch\u00fcler zwischen Franz\u00f6sisch, Spanisch und Latein w\u00e4hlen. Die Klassenverb\u00e4nde bleiben bestehen, Sprachenketten im Stundenplan erm\u00f6glichen ein Kurssystem f\u00fcr die 2. Fremdsprachen. Sch\u00fcler und Eltern werden am Ende der 5. Klasse \u00fcber die verschiedenen Sprachen informiert, alle Sch\u00fcler nehmen an einer Probestunde in jeder Sprache teil und entscheiden sich dann, welche Sprache sie bis mindestens Klasse 10 lernen m\u00f6chten. Alternativ oder zus\u00e4tzlich k\u00f6nnen Herkunftssprachen nachmittags an anderen Hamburger Schulen belegt werden. Ab der 8. Klasse ist es zudem m\u00f6glich eine 3. Fremdsprache zu erlernen (siehe <a href=\"https:\/\/cvo.hamburg.de\/?page_id=133\">Informationen &nbsp;Mittelstufe\/3. Fremdsprache<\/a>).<\/p>\n","protected":false},"excerpt":{"rendered":"<p>Ab der 6. Klasse lernen die Sch\u00fcler eine 2. Fremdsprache. Am CvO k\u00f6nnen die Sch\u00fcler zwischen Franz\u00f6sisch, Spanisch und Latein w\u00e4hlen. Die Klassenverb\u00e4nde bleiben bestehen, Sprachenketten im Stundenplan erm\u00f6glichen ein Kurssystem f\u00fcr die 2.&#46;&#46;&#46;<\/p>\n","protected":false},"author":44,"featured_media":0,"parent":0,"menu_order":0,"comment_status":"closed","ping_status":"closed","template":"","meta":{"_acf_changed":false,"footnotes":""},"class_list":["post-127","page","type-page","status-publish","hentry"],"acf":[],"_links":{"self":[{"href":"https:\/\/cvo.hamburg.de\/index.php?rest_route=\/wp\/v2\/pages\/127","targetHints":{"allow":["GET"]}}],"collection":[{"href":"https:\/\/cvo.hamburg.de\/index.php?rest_route=\/wp\/v2\/pages"}],"about":[{"href":"https:\/\/cvo.hamburg.de\/index.php?rest_route=\/wp\/v2\/types\/page"}],"author":[{"embeddable":true,"href":"https:\/\/cvo.hamburg.de\/index.php?rest_route=\/wp\/v2\/users\/44"}],"replies":[{"embeddable":true,"href":"https:\/\/cvo.hamburg.de\/index.php?rest_route=%2Fwp%2Fv2%2Fcomments&post=127"}],"version-history":[{"count":1,"href":"https:\/\/cvo.hamburg.de\/index.php?rest_route=\/wp\/v2\/pages\/127\/revisions"}],"predecessor-version":[{"id":9808,"href":"https:\/\/cvo.hamburg.de\/index.php?rest_route=\/wp\/v2\/pages\/127\/revisions\/9808"}],"wp:attachment":[{"href":"https:\/\/cvo.hamburg.de\/index.php?rest_route=%2Fwp%2Fv2%2Fmedia&parent=127"}],"curies":[{"name":"wp","href":"https:\/\/api.w.org\/{rel}","templated":true}]}}