{"id":125,"date":"2014-05-05T14:06:22","date_gmt":"2014-05-05T12:06:22","guid":{"rendered":"https:\/\/carlvossietzky.dev-schulhomepages.hamburg.de\/?page_id=125"},"modified":"2017-02-02T09:19:15","modified_gmt":"2017-02-02T08:19:15","slug":"versetzung-nach-jahrgang-7","status":"publish","type":"page","link":"https:\/\/cvo.hamburg.de\/?page_id=125","title":{"rendered":"Versetzung nach Jahrgang 7"},"content":{"rendered":"<p>W\u00e4hrend bei der Anmeldung f\u00fcr die 5. Klasse das Elternwahlrecht gilt und die Schulen nur beratende Funktion haben, m\u00fcssen die Sch\u00fcler bei der Versetzung nach Jahrgang 7 bestimmte Notenkriterien erf\u00fcllen. F\u00fcr die Versetzung in die 7. Klasse des Gymnasiums gilt:<\/p>\n<ul>\n<li>Die F\u00e4cher Deutsch, Mathematik und Englisch m\u00fcssen mindestens mit 4- bewertet sein. In\u00a0diesen F\u00e4chern kann eine 5 nicht ausgeglichen werden.<\/li>\n<li>Der Durchschnitt aller \u00fcbrigen\u00a0F\u00e4cher muss mindestens die Note 4- betragen.\u00a0In den \u00fcbrigen F\u00e4chern k\u00f6nnen max. zwei 5 durch zwei 3 ausgeglichen werden, z.B. kann\u00a0eine 5 in Geschichte mit einer 3 in Musik ausgeglichen werden.<\/li>\n<\/ul>\n<p>Werden diese Kriterien erf\u00fcllt, erfolgt die Versetzung nach Klasse 7 des Gymnasiums, anderenfalls wird der Sch\u00fcler an eine Stadtteilschule versetzt.<\/p>\n<p>Im Halbjahreszeugnis der Klasse 6 erhalten die Sch\u00fcler\u00a0die Prognose, ob die Versetzung voraussichtlich nach Jahrgang 7 des Gymnasiums oder der Stadtteilschule erfolgen wird. Ist die Versetzung in die 7. Klasse des Gymnasiums nach dem aktuellen Leistungsstand ausgeschlossen, erhalten die\u00a0Eltern eine schriftliche Benachrichtigung mit dem Halbjahreszeugnis. Wir unterst\u00fctzen Sch\u00fcler und Eltern bei Fragen rund um die Versetzung und stehen selbstverst\u00e4ndlich f\u00fcr Beratungsgespr\u00e4che zur Verf\u00fcgung.<\/p>\n<p>.<\/p>\n","protected":false},"excerpt":{"rendered":"<p>W\u00e4hrend bei der Anmeldung f\u00fcr die 5. Klasse das Elternwahlrecht gilt und die Schulen nur beratende Funktion haben, m\u00fcssen die Sch\u00fcler bei der Versetzung nach Jahrgang 7 bestimmte Notenkriterien erf\u00fcllen. F\u00fcr die Versetzung in&#46;&#46;&#46;<\/p>\n","protected":false},"author":44,"featured_media":0,"parent":0,"menu_order":0,"comment_status":"closed","ping_status":"closed","template":"","meta":{"_acf_changed":false,"footnotes":""},"class_list":["post-125","page","type-page","status-publish","hentry"],"acf":[],"_links":{"self":[{"href":"https:\/\/cvo.hamburg.de\/index.php?rest_route=\/wp\/v2\/pages\/125","targetHints":{"allow":["GET"]}}],"collection":[{"href":"https:\/\/cvo.hamburg.de\/index.php?rest_route=\/wp\/v2\/pages"}],"about":[{"href":"https:\/\/cvo.hamburg.de\/index.php?rest_route=\/wp\/v2\/types\/page"}],"author":[{"embeddable":true,"href":"https:\/\/cvo.hamburg.de\/index.php?rest_route=\/wp\/v2\/users\/44"}],"replies":[{"embeddable":true,"href":"https:\/\/cvo.hamburg.de\/index.php?rest_route=%2Fwp%2Fv2%2Fcomments&post=125"}],"version-history":[{"count":1,"href":"https:\/\/cvo.hamburg.de\/index.php?rest_route=\/wp\/v2\/pages\/125\/revisions"}],"predecessor-version":[{"id":2556,"href":"https:\/\/cvo.hamburg.de\/index.php?rest_route=\/wp\/v2\/pages\/125\/revisions\/2556"}],"wp:attachment":[{"href":"https:\/\/cvo.hamburg.de\/index.php?rest_route=%2Fwp%2Fv2%2Fmedia&parent=125"}],"curies":[{"name":"wp","href":"https:\/\/api.w.org\/{rel}","templated":true}]}}